{"id":889,"date":"2021-10-07T19:27:04","date_gmt":"2021-10-07T19:27:04","guid":{"rendered":"https:\/\/moikk.hu\/?page_id=889"},"modified":"2021-12-03T14:09:08","modified_gmt":"2021-12-03T14:09:08","slug":"2021-szeptember-10-12-vac-a-moikk-45-46-konferenciaja","status":"publish","type":"page","link":"https:\/\/moikk.hu\/index.php\/2021-szeptember-10-12-vac-a-moikk-45-46-konferenciaja\/","title":{"rendered":"2021. szeptember 10 &#8211; 12. &#8211; V\u00e1c"},"content":{"rendered":"\n<p class=\"has-text-align-center has-huge-font-size\"><strong>A MO\u00cdKK 45-46. konferenci\u00e1ja<\/strong><\/p>\n\n\n\n<p class=\"has-text-align-center\">(Az al\u00e1h\u00fazott c\u00edmekre<em>&nbsp;kattintva megtekinthet\u0151 a programpont n\u00e9h\u00e1ny fot\u00f3ja.)<\/em><\/p>\n\n\n\n<div class=\"wp-block-media-text alignwide is-stacked-on-mobile\"><figure class=\"wp-block-media-text__media\"><img loading=\"lazy\" decoding=\"async\" width=\"1024\" height=\"768\" src=\"https:\/\/moikk.hu\/wp-content\/uploads\/2021\/10\/6.-Minden-vendeg-megjott-kezdodhet-a-program-1024x768.jpg\" alt=\"\" class=\"wp-image-894 size-full\" srcset=\"https:\/\/moikk.hu\/wp-content\/uploads\/2021\/10\/6.-Minden-vendeg-megjott-kezdodhet-a-program-1024x768.jpg 1024w, https:\/\/moikk.hu\/wp-content\/uploads\/2021\/10\/6.-Minden-vendeg-megjott-kezdodhet-a-program-300x225.jpg 300w, https:\/\/moikk.hu\/wp-content\/uploads\/2021\/10\/6.-Minden-vendeg-megjott-kezdodhet-a-program-768x576.jpg 768w, https:\/\/moikk.hu\/wp-content\/uploads\/2021\/10\/6.-Minden-vendeg-megjott-kezdodhet-a-program-1536x1152.jpg 1536w, https:\/\/moikk.hu\/wp-content\/uploads\/2021\/10\/6.-Minden-vendeg-megjott-kezdodhet-a-program-2048x1536.jpg 2048w, https:\/\/moikk.hu\/wp-content\/uploads\/2021\/10\/6.-Minden-vendeg-megjott-kezdodhet-a-program-850x638.jpg 850w\" sizes=\"auto, (max-width: 1024px) 100vw, 1024px\" \/><\/figure><div class=\"wp-block-media-text__content\">\n<p style=\"font-size:32px\"><strong><a href=\"https:\/\/moikk.hu\/index.php\/koszontes\/\">K\u00d6SZ\u00d6NT\u00c9S<\/a>: <\/strong><\/p>\n\n\n\n<p style=\"font-size:32px\"><strong>\u00faj tagok bemutat\u00e1sa, <\/strong><\/p>\n\n\n\n<p style=\"font-size:32px\"><strong><a href=\"https:\/\/moikk.hu\/index.php\/pezsgos-koccintas\/\">pezsg\u0151s koccint\u00e1s<\/a><\/strong><\/p>\n\n\n\n<p><\/p>\n<\/div><\/div>\n\n\n\n<p><\/p>\n\n\n\n<p style=\"font-size:30px\"><strong>A V\u00c1CI v\u00e1rosi TV H\u00cdRAD\u00d3 felv\u00e9tele a konferenci\u00e1r\u00f3l<\/strong><\/p>\n\n\n\n<ul class=\"wp-block-list\" style=\"font-size:28px\"><li><a href=\"http:\/\/estv.hu\/news.php?extend.37390\">Tud\u00f3s\u00edt\u00e1s<\/a><\/li><li><a href=\"http:\/\/estv.hu\/download.php?view.3254\">Csak a h\u00edrad\u00f3<\/a> (3:45-t\u0151l) <\/li><\/ul>\n\n\n\n<p style=\"font-size:32px\"><strong>FELK\u00c9RT EL\u0150AD\u00d3K<\/strong>: <\/p>\n\n\n\n<ul class=\"wp-block-list\" style=\"font-size:28px\"><li><a href=\"https:\/\/moikk.hu\/index.php\/dr-hankiss-janos-es-unokai\/\">Dr. Hankiss J\u00e1nos alap\u00edt\u00f3 eln\u00f6k \u00e9s unok\u00e1i el\u0151ad\u00e1sa<\/a><\/li><\/ul>\n\n\n\n<ul class=\"wp-block-list\" style=\"font-size:28px\"><li><a href=\"https:\/\/moikk.hu\/index.php\/nemeth-nyiba-sandor-zenes-megnyitoja\/\">N\u00e9meth Nyiba S\u00e1ndor zen\u00e9s megnyit\u00f3ja<\/a><\/li><\/ul>\n\n\n\n<p style=\"font-size:32px\"><a href=\"https:\/\/moikk.hu\/index.php\/eloadasok-rovid-prezentaciok\/\"><strong>EL\u0150AD\u00c1SOK &#8211; 2021<\/strong><\/a><\/p>\n\n\n\n<p style=\"font-size:32px\"><a href=\"https:\/\/moikk.hu\/index.php\/tarlat-2021\/\"><strong>T\u00c1RLAT &#8211; 2021<\/strong><\/a><\/p>\n\n\n\n<p style=\"font-size:32px\"><a href=\"https:\/\/moikk.hu\/index.php\/konyvbemutato-2021\/\"><strong>K\u00d6NYVBEMUTAT\u00d3 <\/strong>&#8211; 2021<\/a><\/p>\n\n\n\n<p style=\"font-size:32px\"><strong>KULTUR\u00c1LIS PROGRAMOK &#8211; 2021<\/strong><\/p>\n\n\n\n<ul class=\"wp-block-list\" style=\"font-size:27px\"><li><a href=\"https:\/\/moikk.hu\/index.php\/leanyfalui-hitel-muzeum-meglatogatasa\/\" data-type=\"page\" data-id=\"1192\">Le\u00e1nyfalui Hitel M\u00fazeum megl\u00e1togat\u00e1sa<\/a><\/li><\/ul>\n\n\n\n<ul class=\"wp-block-list\" style=\"font-size:27px\"><li><a href=\"https:\/\/moikk.hu\/index.php\/tragor-ignac-muzeum-vaci-mumiak\/\">Tragor Ign\u00e1c M\u00fazeum &#8211; V\u00e1ci M\u00fami\u00e1k ki\u00e1ll\u00edt\u00e1sa<\/a><\/li><\/ul>\n\n\n\n<p style=\"font-size:32px\"><strong>ESTI T\u00c1RSAS\u00c1GI PROGRAMOK<\/strong><\/p>\n\n\n\n<ul class=\"wp-block-list\" style=\"font-size:28px\"><li><a href=\"https:\/\/drive.google.com\/file\/d\/1tyqsycy7A56HsvaJ0nnotEemATphWKpD\/view?ts=614da9f2\">Set\u00e9ny Gy\u00f6ngyi keleti t\u00e1ncbemutat\u00f3ja<\/a><\/li><\/ul>\n\n\n\n<ul class=\"wp-block-list\" style=\"font-size:28px\"><li><a href=\"https:\/\/drive.google.com\/file\/d\/1Vky8lOPdQHJlA_8mx8rYrbxC77-J6K0U\/view?ts=614daa0e\">Dr. Somogyi \u00c9va \u00e9s Dr. Koz\u00e1k R\u00f3bert t\u00e1rsast\u00e1nc bemutat\u00f3ja<\/a><\/li><\/ul>\n\n\n\n<p><\/p>\n","protected":false},"excerpt":{"rendered":"<p>A MO\u00cdKK 45-46. konferenci\u00e1ja (Az al\u00e1h\u00fazott c\u00edmekre&nbsp;kattintva megtekinthet\u0151 a programpont n\u00e9h\u00e1ny fot\u00f3ja.) K\u00d6SZ\u00d6NT\u00c9S: \u00faj tagok bemutat\u00e1sa, pezsg\u0151s koccint\u00e1s A V\u00c1CI v\u00e1rosi TV H\u00cdRAD\u00d3 felv\u00e9tele a konferenci\u00e1r\u00f3l Tud\u00f3s\u00edt\u00e1s Csak a h\u00edrad\u00f3 (3:45-t\u0151l) FELK\u00c9RT&#8230;<\/p>\n","protected":false},"author":1,"featured_media":0,"parent":0,"menu_order":0,"comment_status":"closed","ping_status":"closed","template":"","meta":{"footnotes":""},"class_list":["post-889","page","type-page","status-publish","hentry"],"_links":{"self":[{"href":"https:\/\/moikk.hu\/index.php\/wp-json\/wp\/v2\/pages\/889","targetHints":{"allow":["GET"]}}],"collection":[{"href":"https:\/\/moikk.hu\/index.php\/wp-json\/wp\/v2\/pages"}],"about":[{"href":"https:\/\/moikk.hu\/index.php\/wp-json\/wp\/v2\/types\/page"}],"author":[{"embeddable":true,"href":"https:\/\/moikk.hu\/index.php\/wp-json\/wp\/v2\/users\/1"}],"replies":[{"embeddable":true,"href":"https:\/\/moikk.hu\/index.php\/wp-json\/wp\/v2\/comments?post=889"}],"version-history":[{"count":30,"href":"https:\/\/moikk.hu\/index.php\/wp-json\/wp\/v2\/pages\/889\/revisions"}],"predecessor-version":[{"id":1271,"href":"https:\/\/moikk.hu\/index.php\/wp-json\/wp\/v2\/pages\/889\/revisions\/1271"}],"wp:attachment":[{"href":"https:\/\/moikk.hu\/index.php\/wp-json\/wp\/v2\/media?parent=889"}],"curies":[{"name":"wp","href":"https:\/\/api.w.org\/{rel}","templated":true}]}}

2021. szeptember 10 &#8211; 12. &#8211; Vác

<p class="has-text-align-center has-huge-font-size"><strong>A MOÍKK 45-46. konferenciája</strong></p>



<p class="has-text-align-center">(Az aláhúzott címekre<em>&nbsp;kattintva megtekinthető a programpont néhány fotója.)</em></p>



<div class="wp-block-media-text alignwide is-stacked-on-mobile"><figure class="wp-block-media-text__media"><img loading="lazy" decoding="async" width="1024" height="768" src="https://moikk.hu/wp-content/uploads/2021/10/6.-Minden-vendeg-megjott-kezdodhet-a-program-1024x768.jpg" alt="" class="wp-image-894 size-full" srcset="https://moikk.hu/wp-content/uploads/2021/10/6.-Minden-vendeg-megjott-kezdodhet-a-program-1024x768.jpg 1024w, https://moikk.hu/wp-content/uploads/2021/10/6.-Minden-vendeg-megjott-kezdodhet-a-program-300x225.jpg 300w, https://moikk.hu/wp-content/uploads/2021/10/6.-Minden-vendeg-megjott-kezdodhet-a-program-768x576.jpg 768w, https://moikk.hu/wp-content/uploads/2021/10/6.-Minden-vendeg-megjott-kezdodhet-a-program-1536x1152.jpg 1536w, https://moikk.hu/wp-content/uploads/2021/10/6.-Minden-vendeg-megjott-kezdodhet-a-program-2048x1536.jpg 2048w, https://moikk.hu/wp-content/uploads/2021/10/6.-Minden-vendeg-megjott-kezdodhet-a-program-850x638.jpg 850w" sizes="auto, (max-width: 1024px) 100vw, 1024px" /></figure><div class="wp-block-media-text__content">
<p style="font-size:32px"><strong><a href="https://moikk.hu/index.php/koszontes/">KÖSZÖNTÉS</a>: </strong></p>



<p style="font-size:32px"><strong>új tagok bemutatása, </strong></p>



<p style="font-size:32px"><strong><a href="https://moikk.hu/index.php/pezsgos-koccintas/">pezsgős koccintás</a></strong></p>



<p></p>
</div></div>



<p></p>



<p style="font-size:30px"><strong>A VÁCI városi TV HÍRADÓ felvétele a konferenciáról</strong></p>



<ul class="wp-block-list" style="font-size:28px"><li><a href="http://estv.hu/news.php?extend.37390">Tudósítás</a></li><li><a href="http://estv.hu/download.php?view.3254">Csak a híradó</a> (3:45-től) </li></ul>



<p style="font-size:32px"><strong>FELKÉRT ELŐADÓK</strong>: </p>



<ul class="wp-block-list" style="font-size:28px"><li><a href="https://moikk.hu/index.php/dr-hankiss-janos-es-unokai/">Dr. Hankiss János alapító elnök és unokái előadása</a></li></ul>



<ul class="wp-block-list" style="font-size:28px"><li><a href="https://moikk.hu/index.php/nemeth-nyiba-sandor-zenes-megnyitoja/">Németh Nyiba Sándor zenés megnyitója</a></li></ul>



<p style="font-size:32px"><a href="https://moikk.hu/index.php/eloadasok-rovid-prezentaciok/"><strong>ELŐADÁSOK &#8211; 2021</strong></a></p>



<p style="font-size:32px"><a href="https://moikk.hu/index.php/tarlat-2021/"><strong>TÁRLAT &#8211; 2021</strong></a></p>



<p style="font-size:32px"><a href="https://moikk.hu/index.php/konyvbemutato-2021/"><strong>KÖNYVBEMUTATÓ </strong>&#8211; 2021</a></p>



<p style="font-size:32px"><strong>KULTURÁLIS PROGRAMOK &#8211; 2021</strong></p>



<ul class="wp-block-list" style="font-size:27px"><li><a href="https://moikk.hu/index.php/leanyfalui-hitel-muzeum-meglatogatasa/" data-type="page" data-id="1192">Leányfalui Hitel Múzeum meglátogatása</a></li></ul>



<ul class="wp-block-list" style="font-size:27px"><li><a href="https://moikk.hu/index.php/tragor-ignac-muzeum-vaci-mumiak/">Tragor Ignác Múzeum &#8211; Váci Múmiák kiállítása</a></li></ul>



<p style="font-size:32px"><strong>ESTI TÁRSASÁGI PROGRAMOK</strong></p>



<ul class="wp-block-list" style="font-size:28px"><li><a href="https://drive.google.com/file/d/1tyqsycy7A56HsvaJ0nnotEemATphWKpD/view?ts=614da9f2">Setény Gyöngyi keleti táncbemutatója</a></li></ul>



<ul class="wp-block-list" style="font-size:28px"><li><a href="https://drive.google.com/file/d/1Vky8lOPdQHJlA_8mx8rYrbxC77-J6K0U/view?ts=614daa0e">Dr. Somogyi Éva és Dr. Kozák Róbert társastánc bemutatója</a></li></ul>



<p></p>

<p>A MOÍKK 45-46. konferenciája (Az aláhúzott címekre&nbsp;kattintva megtekinthető a programpont néhány fotója.) KÖSZÖNTÉS: új tagok bemutatása, pezsgős koccintás A VÁCI városi TV HÍRADÓ felvétele a konferenciáról Tudósítás Csak a híradó (3:45-től) FELKÉRT&#8230;</p>
