{"id":865,"date":"2021-09-28T09:55:40","date_gmt":"2021-09-28T09:55:40","guid":{"rendered":"https:\/\/moikk.hu\/?page_id=865"},"modified":"2026-02-11T10:25:30","modified_gmt":"2026-02-11T10:25:30","slug":"kepzomuveszeti-bemutatok","status":"publish","type":"page","link":"https:\/\/moikk.hu\/index.php\/kepzomuveszeti-bemutatok\/","title":{"rendered":"K\u00e9pz\u0151m\u0171v\u00e9szeti bemutat\u00f3k"},"content":{"rendered":"\n<p><strong>ORVOS K\u00c9PZ\u0150M\u0170V\u00c9SZEK KI\u00c1LL\u00cdT\u00c1SA 2025.<\/strong><\/p>\n\n\n\n<ul class=\"wp-block-list\">\n<li>V\u00c1C&nbsp;(2025. szept. 12 &#8211; okt. 5. MIMK)\n<ul class=\"wp-block-list\">\n<li><strong>A V\u00e1ci K\u00e9pz\u0151m\u0171v\u00e9szeti Ki\u00e1ll\u00edt\u00e1s<\/strong> <a href=\"https:\/\/moikk.hu\/wp-content\/uploads\/2025\/10\/Kiallitas-jo-2025.jpg\">plak\u00e1tja<\/a><\/li>\n\n\n\n<li><a href=\"https:\/\/moikk.hu\/wp-content\/uploads\/2025\/10\/Megnyilt az orvos kepz\u00f6m\u00fcveszek tarlata.mp4\">A v\u00e1ci TV filmje<\/a> &#8211; N\u00e9meth \u00c1rp\u00e1d fest\u0151m\u0171v\u00e9sz (2 perc)<\/li>\n\n\n\n<li><a href=\"https:\/\/moikk.hu\/wp-content\/uploads\/2025\/10\/Az Orvos Kepz\u00f6m\u00fcveszek kiallitasa.mp4\">A v\u00e1ci TV filmje &#8211; N\u00e9meth \u00c1rp\u00e1d fest\u0151m\u0171v\u00e9sz<\/a> (12 perc)<\/li>\n<\/ul>\n<\/li>\n<\/ul>\n\n\n\n<ul class=\"wp-block-list\">\n<li><a href=\"https:\/\/moikk.hu\/wp-content\/uploads\/2026\/02\/2025-DAB-kiallc.pdf\">Debrecen (2025. okt. 22 &#8211; nov. 10. DAB sz\u00e9kh\u00e1z)<\/a><\/li>\n<\/ul>\n\n\n\n<p><a href=\"https:\/\/moikk.hu\/wp-content\/uploads\/2025\/10\/Kiallitas-2024.jpg\">ORVOS K\u00c9PZ\u0150M\u0170V\u00c9SZEK KI\u00c1LL\u00cdT\u00c1SA 2024. V\u00c1C<\/a><\/p>\n\n\n\n<p><a href=\"https:\/\/moikk.hu\/index.php\/2023\/08\/17\/orvos-kepzomuveszek-kiallitasa-2023-vac-2023-szept-08-mimk\/\">ORVOS K\u00c9PZ\u0150M\u0170V\u00c9SZEK KI\u00c1LL\u00cdT\u00c1SA 2023. V\u00c1C<\/a><\/p>\n\n\n\n<p><a href=\"https:\/\/moikk.hu\/index.php\/orvos-kepzomuveszek-kiallitasa-2022-vac\/\">ORVOS K\u00c9PZ\u0150M\u0170V\u00c9SZEK KI\u00c1LL\u00cdT\u00c1SA 2022. V\u00c1C<\/a><\/p>\n\n\n\n<p><\/p>\n\n\n\n<p><\/p>\n","protected":false},"excerpt":{"rendered":"<p>ORVOS K\u00c9PZ\u0150M\u0170V\u00c9SZEK KI\u00c1LL\u00cdT\u00c1SA 2025. ORVOS K\u00c9PZ\u0150M\u0170V\u00c9SZEK KI\u00c1LL\u00cdT\u00c1SA 2024. V\u00c1C ORVOS K\u00c9PZ\u0150M\u0170V\u00c9SZEK KI\u00c1LL\u00cdT\u00c1SA 2023. V\u00c1C ORVOS K\u00c9PZ\u0150M\u0170V\u00c9SZEK KI\u00c1LL\u00cdT\u00c1SA 2022. V\u00c1C<\/p>\n","protected":false},"author":1,"featured_media":0,"parent":0,"menu_order":0,"comment_status":"closed","ping_status":"closed","template":"","meta":{"footnotes":""},"class_list":["post-865","page","type-page","status-publish","hentry"],"_links":{"self":[{"href":"https:\/\/moikk.hu\/index.php\/wp-json\/wp\/v2\/pages\/865","targetHints":{"allow":["GET"]}}],"collection":[{"href":"https:\/\/moikk.hu\/index.php\/wp-json\/wp\/v2\/pages"}],"about":[{"href":"https:\/\/moikk.hu\/index.php\/wp-json\/wp\/v2\/types\/page"}],"author":[{"embeddable":true,"href":"https:\/\/moikk.hu\/index.php\/wp-json\/wp\/v2\/users\/1"}],"replies":[{"embeddable":true,"href":"https:\/\/moikk.hu\/index.php\/wp-json\/wp\/v2\/comments?post=865"}],"version-history":[{"count":32,"href":"https:\/\/moikk.hu\/index.php\/wp-json\/wp\/v2\/pages\/865\/revisions"}],"predecessor-version":[{"id":3497,"href":"https:\/\/moikk.hu\/index.php\/wp-json\/wp\/v2\/pages\/865\/revisions\/3497"}],"wp:attachment":[{"href":"https:\/\/moikk.hu\/index.php\/wp-json\/wp\/v2\/media?parent=865"}],"curies":[{"name":"wp","href":"https:\/\/api.w.org\/{rel}","templated":true}]}}