{"id":788,"date":"2021-08-24T16:47:36","date_gmt":"2021-08-24T16:47:36","guid":{"rendered":"https:\/\/moikk.hu\/?page_id=788"},"modified":"2021-08-27T09:48:43","modified_gmt":"2021-08-27T09:48:43","slug":"2021-jun-12-hev-vel-a-romai-partra","status":"publish","type":"page","link":"https:\/\/moikk.hu\/index.php\/2021-jun-12-hev-vel-a-romai-partra\/","title":{"rendered":"2021. j\u00fan. 12. H\u00c9V-vel a R\u00f3mai Partra"},"content":{"rendered":"\n<figure class=\"wp-block-gallery columns-3 is-cropped wp-block-gallery-1 is-layout-flex wp-block-gallery-is-layout-flex\"><ul class=\"blocks-gallery-grid\"><li class=\"blocks-gallery-item\"><figure><img loading=\"lazy\" decoding=\"async\" width=\"768\" height=\"1024\" src=\"https:\/\/moikk.hu\/wp-content\/uploads\/2021\/08\/Csoportkep1.-min-768x1024.jpg\" alt=\"\" data-id=\"770\" data-full-url=\"https:\/\/moikk.hu\/wp-content\/uploads\/2021\/08\/Csoportkep1.-min-scaled.jpg\" data-link=\"https:\/\/moikk.hu\/csoportkep1-min\/\" class=\"wp-image-770\" srcset=\"https:\/\/moikk.hu\/wp-content\/uploads\/2021\/08\/Csoportkep1.-min-768x1024.jpg 768w, https:\/\/moikk.hu\/wp-content\/uploads\/2021\/08\/Csoportkep1.-min-225x300.jpg 225w, https:\/\/moikk.hu\/wp-content\/uploads\/2021\/08\/Csoportkep1.-min-1152x1536.jpg 1152w, https:\/\/moikk.hu\/wp-content\/uploads\/2021\/08\/Csoportkep1.-min-1536x2048.jpg 1536w, https:\/\/moikk.hu\/wp-content\/uploads\/2021\/08\/Csoportkep1.-min-300x400.jpg 300w, https:\/\/moikk.hu\/wp-content\/uploads\/2021\/08\/Csoportkep1.-min-850x1133.jpg 850w, https:\/\/moikk.hu\/wp-content\/uploads\/2021\/08\/Csoportkep1.-min-scaled.jpg 1920w\" sizes=\"auto, (max-width: 768px) 100vw, 768px\" \/><figcaption class=\"blocks-gallery-item__caption\">Csoportk\u00e9p 1.<\/figcaption><\/figure><\/li><li class=\"blocks-gallery-item\"><figure><img loading=\"lazy\" decoding=\"async\" width=\"768\" height=\"1024\" src=\"https:\/\/moikk.hu\/wp-content\/uploads\/2021\/08\/Csoportkep2.-min-768x1024.jpg\" alt=\"\" data-id=\"771\" data-full-url=\"https:\/\/moikk.hu\/wp-content\/uploads\/2021\/08\/Csoportkep2.-min-scaled.jpg\" data-link=\"https:\/\/moikk.hu\/csoportkep2-min\/\" class=\"wp-image-771\" srcset=\"https:\/\/moikk.hu\/wp-content\/uploads\/2021\/08\/Csoportkep2.-min-768x1024.jpg 768w, https:\/\/moikk.hu\/wp-content\/uploads\/2021\/08\/Csoportkep2.-min-225x300.jpg 225w, https:\/\/moikk.hu\/wp-content\/uploads\/2021\/08\/Csoportkep2.-min-1152x1536.jpg 1152w, https:\/\/moikk.hu\/wp-content\/uploads\/2021\/08\/Csoportkep2.-min-1536x2048.jpg 1536w, https:\/\/moikk.hu\/wp-content\/uploads\/2021\/08\/Csoportkep2.-min-300x400.jpg 300w, https:\/\/moikk.hu\/wp-content\/uploads\/2021\/08\/Csoportkep2.-min-850x1133.jpg 850w, https:\/\/moikk.hu\/wp-content\/uploads\/2021\/08\/Csoportkep2.-min-scaled.jpg 1920w\" sizes=\"auto, (max-width: 768px) 100vw, 768px\" \/><figcaption class=\"blocks-gallery-item__caption\">Csoportk\u00e9p 2.<\/figcaption><\/figure><\/li><li class=\"blocks-gallery-item\"><figure><img loading=\"lazy\" decoding=\"async\" width=\"1024\" height=\"546\" src=\"https:\/\/moikk.hu\/wp-content\/uploads\/2021\/08\/Csoportkep3.-min-1024x546.jpg\" alt=\"\" data-id=\"772\" data-full-url=\"https:\/\/moikk.hu\/wp-content\/uploads\/2021\/08\/Csoportkep3.-min-scaled.jpg\" data-link=\"https:\/\/moikk.hu\/csoportkep3-min\/\" class=\"wp-image-772\" srcset=\"https:\/\/moikk.hu\/wp-content\/uploads\/2021\/08\/Csoportkep3.-min-1024x546.jpg 1024w, https:\/\/moikk.hu\/wp-content\/uploads\/2021\/08\/Csoportkep3.-min-300x160.jpg 300w, https:\/\/moikk.hu\/wp-content\/uploads\/2021\/08\/Csoportkep3.-min-768x409.jpg 768w, https:\/\/moikk.hu\/wp-content\/uploads\/2021\/08\/Csoportkep3.-min-1536x819.jpg 1536w, https:\/\/moikk.hu\/wp-content\/uploads\/2021\/08\/Csoportkep3.-min-2048x1091.jpg 2048w, https:\/\/moikk.hu\/wp-content\/uploads\/2021\/08\/Csoportkep3.-min-850x453.jpg 850w\" sizes=\"auto, (max-width: 1024px) 100vw, 1024px\" \/><figcaption class=\"blocks-gallery-item__caption\">Csoportk\u00e9p 3.<\/figcaption><\/figure><\/li><li class=\"blocks-gallery-item\"><figure><img loading=\"lazy\" decoding=\"async\" width=\"768\" height=\"1024\" src=\"https:\/\/moikk.hu\/wp-content\/uploads\/2021\/08\/Dr.-Arvai-Judit-Dr.-Szedresi-Istvan-min-768x1024.jpg\" alt=\"\" data-id=\"773\" data-full-url=\"https:\/\/moikk.hu\/wp-content\/uploads\/2021\/08\/Dr.-Arvai-Judit-Dr.-Szedresi-Istvan-min-scaled.jpg\" data-link=\"https:\/\/moikk.hu\/dr-arvai-judit-dr-szedresi-istvan-min\/\" class=\"wp-image-773\" srcset=\"https:\/\/moikk.hu\/wp-content\/uploads\/2021\/08\/Dr.-Arvai-Judit-Dr.-Szedresi-Istvan-min-768x1024.jpg 768w, https:\/\/moikk.hu\/wp-content\/uploads\/2021\/08\/Dr.-Arvai-Judit-Dr.-Szedresi-Istvan-min-225x300.jpg 225w, https:\/\/moikk.hu\/wp-content\/uploads\/2021\/08\/Dr.-Arvai-Judit-Dr.-Szedresi-Istvan-min-1152x1536.jpg 1152w, https:\/\/moikk.hu\/wp-content\/uploads\/2021\/08\/Dr.-Arvai-Judit-Dr.-Szedresi-Istvan-min-1536x2048.jpg 1536w, https:\/\/moikk.hu\/wp-content\/uploads\/2021\/08\/Dr.-Arvai-Judit-Dr.-Szedresi-Istvan-min-300x400.jpg 300w, https:\/\/moikk.hu\/wp-content\/uploads\/2021\/08\/Dr.-Arvai-Judit-Dr.-Szedresi-Istvan-min-850x1133.jpg 850w, https:\/\/moikk.hu\/wp-content\/uploads\/2021\/08\/Dr.-Arvai-Judit-Dr.-Szedresi-Istvan-min-scaled.jpg 1920w\" sizes=\"auto, (max-width: 768px) 100vw, 768px\" \/><figcaption class=\"blocks-gallery-item__caption\">Dr. \u00c1rvai Judit-Dr. Szedresi Istv\u00e1n<\/figcaption><\/figure><\/li><li class=\"blocks-gallery-item\"><figure><img loading=\"lazy\" decoding=\"async\" width=\"859\" height=\"1024\" src=\"https:\/\/moikk.hu\/wp-content\/uploads\/2021\/08\/Dr.-Elek-Attila-min-859x1024.jpg\" alt=\"\" data-id=\"774\" data-full-url=\"https:\/\/moikk.hu\/wp-content\/uploads\/2021\/08\/Dr.-Elek-Attila-min-scaled.jpg\" data-link=\"https:\/\/moikk.hu\/dr-elek-attila-min\/\" class=\"wp-image-774\" srcset=\"https:\/\/moikk.hu\/wp-content\/uploads\/2021\/08\/Dr.-Elek-Attila-min-859x1024.jpg 859w, https:\/\/moikk.hu\/wp-content\/uploads\/2021\/08\/Dr.-Elek-Attila-min-252x300.jpg 252w, https:\/\/moikk.hu\/wp-content\/uploads\/2021\/08\/Dr.-Elek-Attila-min-768x915.jpg 768w, https:\/\/moikk.hu\/wp-content\/uploads\/2021\/08\/Dr.-Elek-Attila-min-1289x1536.jpg 1289w, https:\/\/moikk.hu\/wp-content\/uploads\/2021\/08\/Dr.-Elek-Attila-min-1719x2048.jpg 1719w, https:\/\/moikk.hu\/wp-content\/uploads\/2021\/08\/Dr.-Elek-Attila-min-300x357.jpg 300w, https:\/\/moikk.hu\/wp-content\/uploads\/2021\/08\/Dr.-Elek-Attila-min-850x1013.jpg 850w\" sizes=\"auto, (max-width: 859px) 100vw, 859px\" \/><figcaption class=\"blocks-gallery-item__caption\">Dr. Elek Attila<\/figcaption><\/figure><\/li><li class=\"blocks-gallery-item\"><figure><img loading=\"lazy\" decoding=\"async\" width=\"768\" height=\"1024\" src=\"https:\/\/moikk.hu\/wp-content\/uploads\/2021\/08\/Dr.-Gyorfi-Ernone-min-768x1024.jpg\" alt=\"\" data-id=\"775\" data-full-url=\"https:\/\/moikk.hu\/wp-content\/uploads\/2021\/08\/Dr.-Gyorfi-Ernone-min-scaled.jpg\" data-link=\"https:\/\/moikk.hu\/dr-gyorfi-ernone-min\/\" class=\"wp-image-775\" srcset=\"https:\/\/moikk.hu\/wp-content\/uploads\/2021\/08\/Dr.-Gyorfi-Ernone-min-768x1024.jpg 768w, https:\/\/moikk.hu\/wp-content\/uploads\/2021\/08\/Dr.-Gyorfi-Ernone-min-225x300.jpg 225w, https:\/\/moikk.hu\/wp-content\/uploads\/2021\/08\/Dr.-Gyorfi-Ernone-min-1152x1536.jpg 1152w, https:\/\/moikk.hu\/wp-content\/uploads\/2021\/08\/Dr.-Gyorfi-Ernone-min-1536x2048.jpg 1536w, https:\/\/moikk.hu\/wp-content\/uploads\/2021\/08\/Dr.-Gyorfi-Ernone-min-300x400.jpg 300w, https:\/\/moikk.hu\/wp-content\/uploads\/2021\/08\/Dr.-Gyorfi-Ernone-min-850x1133.jpg 850w, https:\/\/moikk.hu\/wp-content\/uploads\/2021\/08\/Dr.-Gyorfi-Ernone-min-scaled.jpg 1920w\" sizes=\"auto, (max-width: 768px) 100vw, 768px\" \/><figcaption class=\"blocks-gallery-item__caption\">Dr. Gy\u0151rfi Ern\u0151n\u00e9<\/figcaption><\/figure><\/li><li class=\"blocks-gallery-item\"><figure><img loading=\"lazy\" decoding=\"async\" width=\"768\" height=\"1024\" src=\"https:\/\/moikk.hu\/wp-content\/uploads\/2021\/08\/Dr.-Gyorfine-Dr.-Turke-Istvan-min-768x1024.jpg\" alt=\"\" data-id=\"776\" data-full-url=\"https:\/\/moikk.hu\/wp-content\/uploads\/2021\/08\/Dr.-Gyorfine-Dr.-Turke-Istvan-min-scaled.jpg\" data-link=\"https:\/\/moikk.hu\/dr-gyorfine-dr-turke-istvan-min\/\" class=\"wp-image-776\" srcset=\"https:\/\/moikk.hu\/wp-content\/uploads\/2021\/08\/Dr.-Gyorfine-Dr.-Turke-Istvan-min-768x1024.jpg 768w, https:\/\/moikk.hu\/wp-content\/uploads\/2021\/08\/Dr.-Gyorfine-Dr.-Turke-Istvan-min-225x300.jpg 225w, https:\/\/moikk.hu\/wp-content\/uploads\/2021\/08\/Dr.-Gyorfine-Dr.-Turke-Istvan-min-1152x1536.jpg 1152w, https:\/\/moikk.hu\/wp-content\/uploads\/2021\/08\/Dr.-Gyorfine-Dr.-Turke-Istvan-min-1536x2048.jpg 1536w, https:\/\/moikk.hu\/wp-content\/uploads\/2021\/08\/Dr.-Gyorfine-Dr.-Turke-Istvan-min-300x400.jpg 300w, https:\/\/moikk.hu\/wp-content\/uploads\/2021\/08\/Dr.-Gyorfine-Dr.-Turke-Istvan-min-850x1133.jpg 850w, https:\/\/moikk.hu\/wp-content\/uploads\/2021\/08\/Dr.-Gyorfine-Dr.-Turke-Istvan-min-scaled.jpg 1920w\" sizes=\"auto, (max-width: 768px) 100vw, 768px\" \/><figcaption class=\"blocks-gallery-item__caption\">Dr. Gy\u0151rfin\u00e9-Dr. T\u00fcrke Istv\u00e1n<\/figcaption><\/figure><\/li><li class=\"blocks-gallery-item\"><figure><img loading=\"lazy\" decoding=\"async\" width=\"849\" height=\"1024\" src=\"https:\/\/moikk.hu\/wp-content\/uploads\/2021\/08\/Dr.-Incze-Laszlo-Dr.-Szitas-Jozsef-min-849x1024.jpg\" alt=\"\" data-id=\"777\" data-full-url=\"https:\/\/moikk.hu\/wp-content\/uploads\/2021\/08\/Dr.-Incze-Laszlo-Dr.-Szitas-Jozsef-min-scaled.jpg\" data-link=\"https:\/\/moikk.hu\/dr-incze-laszlo-dr-szitas-jozsef-min\/\" class=\"wp-image-777\" srcset=\"https:\/\/moikk.hu\/wp-content\/uploads\/2021\/08\/Dr.-Incze-Laszlo-Dr.-Szitas-Jozsef-min-849x1024.jpg 849w, https:\/\/moikk.hu\/wp-content\/uploads\/2021\/08\/Dr.-Incze-Laszlo-Dr.-Szitas-Jozsef-min-249x300.jpg 249w, https:\/\/moikk.hu\/wp-content\/uploads\/2021\/08\/Dr.-Incze-Laszlo-Dr.-Szitas-Jozsef-min-768x926.jpg 768w, https:\/\/moikk.hu\/wp-content\/uploads\/2021\/08\/Dr.-Incze-Laszlo-Dr.-Szitas-Jozsef-min-1274x1536.jpg 1274w, https:\/\/moikk.hu\/wp-content\/uploads\/2021\/08\/Dr.-Incze-Laszlo-Dr.-Szitas-Jozsef-min-1699x2048.jpg 1699w, https:\/\/moikk.hu\/wp-content\/uploads\/2021\/08\/Dr.-Incze-Laszlo-Dr.-Szitas-Jozsef-min-300x362.jpg 300w, https:\/\/moikk.hu\/wp-content\/uploads\/2021\/08\/Dr.-Incze-Laszlo-Dr.-Szitas-Jozsef-min-850x1025.jpg 850w\" sizes=\"auto, (max-width: 849px) 100vw, 849px\" \/><figcaption class=\"blocks-gallery-item__caption\">Dr. Incze L\u00e1szl\u00f3-Dr. Szit\u00e1s J\u00f3zsef<\/figcaption><\/figure><\/li><li class=\"blocks-gallery-item\"><figure><img loading=\"lazy\" decoding=\"async\" width=\"768\" height=\"1024\" src=\"https:\/\/moikk.hu\/wp-content\/uploads\/2021\/08\/Dr.-Incze-Laszlo-min-768x1024.jpg\" alt=\"\" data-id=\"778\" data-full-url=\"https:\/\/moikk.hu\/wp-content\/uploads\/2021\/08\/Dr.-Incze-Laszlo-min-scaled.jpg\" data-link=\"https:\/\/moikk.hu\/dr-incze-laszlo-min\/\" class=\"wp-image-778\" srcset=\"https:\/\/moikk.hu\/wp-content\/uploads\/2021\/08\/Dr.-Incze-Laszlo-min-768x1024.jpg 768w, https:\/\/moikk.hu\/wp-content\/uploads\/2021\/08\/Dr.-Incze-Laszlo-min-225x300.jpg 225w, https:\/\/moikk.hu\/wp-content\/uploads\/2021\/08\/Dr.-Incze-Laszlo-min-1152x1536.jpg 1152w, https:\/\/moikk.hu\/wp-content\/uploads\/2021\/08\/Dr.-Incze-Laszlo-min-1536x2048.jpg 1536w, https:\/\/moikk.hu\/wp-content\/uploads\/2021\/08\/Dr.-Incze-Laszlo-min-300x400.jpg 300w, https:\/\/moikk.hu\/wp-content\/uploads\/2021\/08\/Dr.-Incze-Laszlo-min-850x1133.jpg 850w, https:\/\/moikk.hu\/wp-content\/uploads\/2021\/08\/Dr.-Incze-Laszlo-min-scaled.jpg 1920w\" sizes=\"auto, (max-width: 768px) 100vw, 768px\" \/><figcaption class=\"blocks-gallery-item__caption\">Dr. Incze L\u00e1szl\u00f3<\/figcaption><\/figure><\/li><li class=\"blocks-gallery-item\"><figure><img loading=\"lazy\" decoding=\"async\" width=\"768\" height=\"1024\" src=\"https:\/\/moikk.hu\/wp-content\/uploads\/2021\/08\/Dr.-Revesz-Gertrud-Dr.-Elek-Attila-min-768x1024.jpg\" alt=\"\" data-id=\"779\" data-full-url=\"https:\/\/moikk.hu\/wp-content\/uploads\/2021\/08\/Dr.-Revesz-Gertrud-Dr.-Elek-Attila-min-scaled.jpg\" data-link=\"https:\/\/moikk.hu\/dr-revesz-gertrud-dr-elek-attila-min\/\" class=\"wp-image-779\" srcset=\"https:\/\/moikk.hu\/wp-content\/uploads\/2021\/08\/Dr.-Revesz-Gertrud-Dr.-Elek-Attila-min-768x1024.jpg 768w, https:\/\/moikk.hu\/wp-content\/uploads\/2021\/08\/Dr.-Revesz-Gertrud-Dr.-Elek-Attila-min-225x300.jpg 225w, https:\/\/moikk.hu\/wp-content\/uploads\/2021\/08\/Dr.-Revesz-Gertrud-Dr.-Elek-Attila-min-1152x1536.jpg 1152w, https:\/\/moikk.hu\/wp-content\/uploads\/2021\/08\/Dr.-Revesz-Gertrud-Dr.-Elek-Attila-min-1536x2048.jpg 1536w, https:\/\/moikk.hu\/wp-content\/uploads\/2021\/08\/Dr.-Revesz-Gertrud-Dr.-Elek-Attila-min-300x400.jpg 300w, https:\/\/moikk.hu\/wp-content\/uploads\/2021\/08\/Dr.-Revesz-Gertrud-Dr.-Elek-Attila-min-850x1133.jpg 850w, https:\/\/moikk.hu\/wp-content\/uploads\/2021\/08\/Dr.-Revesz-Gertrud-Dr.-Elek-Attila-min-scaled.jpg 1920w\" sizes=\"auto, (max-width: 768px) 100vw, 768px\" \/><figcaption class=\"blocks-gallery-item__caption\">Dr. R\u00e9v\u00e9sz Gertrud-Dr. Elek Attila<\/figcaption><\/figure><\/li><li class=\"blocks-gallery-item\"><figure><img loading=\"lazy\" decoding=\"async\" width=\"768\" height=\"1024\" src=\"https:\/\/moikk.hu\/wp-content\/uploads\/2021\/08\/Dr.-Revesz-Gertrud-min-768x1024.jpg\" alt=\"\" data-id=\"780\" data-full-url=\"https:\/\/moikk.hu\/wp-content\/uploads\/2021\/08\/Dr.-Revesz-Gertrud-min-scaled.jpg\" data-link=\"https:\/\/moikk.hu\/dr-revesz-gertrud-min\/\" class=\"wp-image-780\" srcset=\"https:\/\/moikk.hu\/wp-content\/uploads\/2021\/08\/Dr.-Revesz-Gertrud-min-768x1024.jpg 768w, https:\/\/moikk.hu\/wp-content\/uploads\/2021\/08\/Dr.-Revesz-Gertrud-min-225x300.jpg 225w, https:\/\/moikk.hu\/wp-content\/uploads\/2021\/08\/Dr.-Revesz-Gertrud-min-1152x1536.jpg 1152w, https:\/\/moikk.hu\/wp-content\/uploads\/2021\/08\/Dr.-Revesz-Gertrud-min-1536x2048.jpg 1536w, https:\/\/moikk.hu\/wp-content\/uploads\/2021\/08\/Dr.-Revesz-Gertrud-min-300x400.jpg 300w, https:\/\/moikk.hu\/wp-content\/uploads\/2021\/08\/Dr.-Revesz-Gertrud-min-850x1133.jpg 850w, https:\/\/moikk.hu\/wp-content\/uploads\/2021\/08\/Dr.-Revesz-Gertrud-min-scaled.jpg 1920w\" sizes=\"auto, (max-width: 768px) 100vw, 768px\" \/><figcaption class=\"blocks-gallery-item__caption\">Dr. R\u00e9v\u00e9sz Gertrud<\/figcaption><\/figure><\/li><li class=\"blocks-gallery-item\"><figure><img loading=\"lazy\" decoding=\"async\" width=\"768\" height=\"1024\" src=\"https:\/\/moikk.hu\/wp-content\/uploads\/2021\/08\/Dr.-Turke-Istvan-min-768x1024.jpg\" alt=\"\" data-id=\"781\" data-full-url=\"https:\/\/moikk.hu\/wp-content\/uploads\/2021\/08\/Dr.-Turke-Istvan-min-scaled.jpg\" data-link=\"https:\/\/moikk.hu\/dr-turke-istvan-min\/\" class=\"wp-image-781\" srcset=\"https:\/\/moikk.hu\/wp-content\/uploads\/2021\/08\/Dr.-Turke-Istvan-min-768x1024.jpg 768w, https:\/\/moikk.hu\/wp-content\/uploads\/2021\/08\/Dr.-Turke-Istvan-min-225x300.jpg 225w, https:\/\/moikk.hu\/wp-content\/uploads\/2021\/08\/Dr.-Turke-Istvan-min-1152x1536.jpg 1152w, https:\/\/moikk.hu\/wp-content\/uploads\/2021\/08\/Dr.-Turke-Istvan-min-1536x2048.jpg 1536w, https:\/\/moikk.hu\/wp-content\/uploads\/2021\/08\/Dr.-Turke-Istvan-min-300x400.jpg 300w, https:\/\/moikk.hu\/wp-content\/uploads\/2021\/08\/Dr.-Turke-Istvan-min-850x1133.jpg 850w, https:\/\/moikk.hu\/wp-content\/uploads\/2021\/08\/Dr.-Turke-Istvan-min-scaled.jpg 1920w\" sizes=\"auto, (max-width: 768px) 100vw, 768px\" \/><figcaption class=\"blocks-gallery-item__caption\">Dr. T\u00fcrke Istv\u00e1n<\/figcaption><\/figure><\/li><li class=\"blocks-gallery-item\"><figure><img loading=\"lazy\" decoding=\"async\" width=\"768\" height=\"1024\" src=\"https:\/\/moikk.hu\/wp-content\/uploads\/2021\/08\/Dr.Gyorfi-Erno-min-768x1024.jpg\" alt=\"\" data-id=\"782\" data-full-url=\"https:\/\/moikk.hu\/wp-content\/uploads\/2021\/08\/Dr.Gyorfi-Erno-min-scaled.jpg\" data-link=\"https:\/\/moikk.hu\/dr-gyorfi-erno-min\/\" class=\"wp-image-782\" srcset=\"https:\/\/moikk.hu\/wp-content\/uploads\/2021\/08\/Dr.Gyorfi-Erno-min-768x1024.jpg 768w, https:\/\/moikk.hu\/wp-content\/uploads\/2021\/08\/Dr.Gyorfi-Erno-min-225x300.jpg 225w, https:\/\/moikk.hu\/wp-content\/uploads\/2021\/08\/Dr.Gyorfi-Erno-min-1152x1536.jpg 1152w, https:\/\/moikk.hu\/wp-content\/uploads\/2021\/08\/Dr.Gyorfi-Erno-min-1536x2048.jpg 1536w, https:\/\/moikk.hu\/wp-content\/uploads\/2021\/08\/Dr.Gyorfi-Erno-min-300x400.jpg 300w, https:\/\/moikk.hu\/wp-content\/uploads\/2021\/08\/Dr.Gyorfi-Erno-min-850x1133.jpg 850w, https:\/\/moikk.hu\/wp-content\/uploads\/2021\/08\/Dr.Gyorfi-Erno-min-scaled.jpg 1920w\" sizes=\"auto, (max-width: 768px) 100vw, 768px\" \/><figcaption class=\"blocks-gallery-item__caption\">Dr.Gy\u0151rfi Ern\u0151<\/figcaption><\/figure><\/li><li class=\"blocks-gallery-item\"><figure><img loading=\"lazy\" decoding=\"async\" width=\"768\" height=\"1024\" src=\"https:\/\/moikk.hu\/wp-content\/uploads\/2021\/08\/Dr.Por-Ilona-Dr.-Sasvary-Erzsebet-min-768x1024.jpg\" alt=\"\" data-id=\"783\" data-full-url=\"https:\/\/moikk.hu\/wp-content\/uploads\/2021\/08\/Dr.Por-Ilona-Dr.-Sasvary-Erzsebet-min-scaled.jpg\" data-link=\"https:\/\/moikk.hu\/dr-por-ilona-dr-sasvary-erzsebet-min\/\" class=\"wp-image-783\" srcset=\"https:\/\/moikk.hu\/wp-content\/uploads\/2021\/08\/Dr.Por-Ilona-Dr.-Sasvary-Erzsebet-min-768x1024.jpg 768w, https:\/\/moikk.hu\/wp-content\/uploads\/2021\/08\/Dr.Por-Ilona-Dr.-Sasvary-Erzsebet-min-225x300.jpg 225w, https:\/\/moikk.hu\/wp-content\/uploads\/2021\/08\/Dr.Por-Ilona-Dr.-Sasvary-Erzsebet-min-1152x1536.jpg 1152w, https:\/\/moikk.hu\/wp-content\/uploads\/2021\/08\/Dr.Por-Ilona-Dr.-Sasvary-Erzsebet-min-1536x2048.jpg 1536w, https:\/\/moikk.hu\/wp-content\/uploads\/2021\/08\/Dr.Por-Ilona-Dr.-Sasvary-Erzsebet-min-300x400.jpg 300w, https:\/\/moikk.hu\/wp-content\/uploads\/2021\/08\/Dr.Por-Ilona-Dr.-Sasvary-Erzsebet-min-850x1133.jpg 850w, https:\/\/moikk.hu\/wp-content\/uploads\/2021\/08\/Dr.Por-Ilona-Dr.-Sasvary-Erzsebet-min-scaled.jpg 1920w\" sizes=\"auto, (max-width: 768px) 100vw, 768px\" \/><figcaption class=\"blocks-gallery-item__caption\">Dr.P\u00f3r Ilona, Dr. Sasv\u00e1ry Erzs\u00e9bet<\/figcaption><\/figure><\/li><li class=\"blocks-gallery-item\"><figure><img loading=\"lazy\" decoding=\"async\" width=\"768\" height=\"1024\" src=\"https:\/\/moikk.hu\/wp-content\/uploads\/2021\/08\/Dr.Por-Ilona-Dr.-Sasvary-Erzsebet-min-1-768x1024.jpg\" alt=\"\" data-id=\"784\" data-full-url=\"https:\/\/moikk.hu\/wp-content\/uploads\/2021\/08\/Dr.Por-Ilona-Dr.-Sasvary-Erzsebet-min-1-scaled.jpg\" data-link=\"https:\/\/moikk.hu\/dr-por-ilona-dr-sasvary-erzsebet-min-2\/\" class=\"wp-image-784\" srcset=\"https:\/\/moikk.hu\/wp-content\/uploads\/2021\/08\/Dr.Por-Ilona-Dr.-Sasvary-Erzsebet-min-1-768x1024.jpg 768w, https:\/\/moikk.hu\/wp-content\/uploads\/2021\/08\/Dr.Por-Ilona-Dr.-Sasvary-Erzsebet-min-1-225x300.jpg 225w, https:\/\/moikk.hu\/wp-content\/uploads\/2021\/08\/Dr.Por-Ilona-Dr.-Sasvary-Erzsebet-min-1-1152x1536.jpg 1152w, https:\/\/moikk.hu\/wp-content\/uploads\/2021\/08\/Dr.Por-Ilona-Dr.-Sasvary-Erzsebet-min-1-1536x2048.jpg 1536w, https:\/\/moikk.hu\/wp-content\/uploads\/2021\/08\/Dr.Por-Ilona-Dr.-Sasvary-Erzsebet-min-1-300x400.jpg 300w, https:\/\/moikk.hu\/wp-content\/uploads\/2021\/08\/Dr.Por-Ilona-Dr.-Sasvary-Erzsebet-min-1-850x1133.jpg 850w, https:\/\/moikk.hu\/wp-content\/uploads\/2021\/08\/Dr.Por-Ilona-Dr.-Sasvary-Erzsebet-min-1-scaled.jpg 1920w\" sizes=\"auto, (max-width: 768px) 100vw, 768px\" \/><figcaption class=\"blocks-gallery-item__caption\">Dr.P\u00f3r Ilona-Dr. Sasv\u00e1ry Erzs\u00e9bet<\/figcaption><\/figure><\/li><li class=\"blocks-gallery-item\"><figure><img loading=\"lazy\" decoding=\"async\" width=\"1024\" height=\"1004\" src=\"https:\/\/moikk.hu\/wp-content\/uploads\/2021\/08\/Prok.-Dr.-Vincze-Janos-Dr.-Vincze-Tiszai-Gabriella-min-scaled-e1630057632337-1024x1004.jpg\" alt=\"\" data-id=\"785\" data-full-url=\"https:\/\/moikk.hu\/wp-content\/uploads\/2021\/08\/Prok.-Dr.-Vincze-Janos-Dr.-Vincze-Tiszai-Gabriella-min-scaled-e1630057632337.jpg\" data-link=\"https:\/\/moikk.hu\/prok-dr-vincze-janos-dr-vincze-tiszai-gabriella-min\/\" class=\"wp-image-785\" srcset=\"https:\/\/moikk.hu\/wp-content\/uploads\/2021\/08\/Prok.-Dr.-Vincze-Janos-Dr.-Vincze-Tiszai-Gabriella-min-scaled-e1630057632337-1024x1004.jpg 1024w, https:\/\/moikk.hu\/wp-content\/uploads\/2021\/08\/Prok.-Dr.-Vincze-Janos-Dr.-Vincze-Tiszai-Gabriella-min-scaled-e1630057632337-300x294.jpg 300w, https:\/\/moikk.hu\/wp-content\/uploads\/2021\/08\/Prok.-Dr.-Vincze-Janos-Dr.-Vincze-Tiszai-Gabriella-min-scaled-e1630057632337-768x753.jpg 768w, https:\/\/moikk.hu\/wp-content\/uploads\/2021\/08\/Prok.-Dr.-Vincze-Janos-Dr.-Vincze-Tiszai-Gabriella-min-scaled-e1630057632337-1536x1506.jpg 1536w, https:\/\/moikk.hu\/wp-content\/uploads\/2021\/08\/Prok.-Dr.-Vincze-Janos-Dr.-Vincze-Tiszai-Gabriella-min-scaled-e1630057632337-850x834.jpg 850w, https:\/\/moikk.hu\/wp-content\/uploads\/2021\/08\/Prok.-Dr.-Vincze-Janos-Dr.-Vincze-Tiszai-Gabriella-min-scaled-e1630057632337.jpg 1958w\" sizes=\"auto, (max-width: 1024px) 100vw, 1024px\" \/><figcaption class=\"blocks-gallery-item__caption\">Prok. Dr. Vincze J\u00e1nos, Dr. Vincze-Tiszai Gabriella<\/figcaption><\/figure><\/li><li class=\"blocks-gallery-item\"><figure><img loading=\"lazy\" decoding=\"async\" width=\"768\" height=\"1024\" src=\"https:\/\/moikk.hu\/wp-content\/uploads\/2021\/08\/Seteny-Gyongyi-Kapitany-Hilda-min-768x1024.jpg\" alt=\"\" data-id=\"786\" data-full-url=\"https:\/\/moikk.hu\/wp-content\/uploads\/2021\/08\/Seteny-Gyongyi-Kapitany-Hilda-min-scaled.jpg\" data-link=\"https:\/\/moikk.hu\/seteny-gyongyi-kapitany-hilda-min\/\" class=\"wp-image-786\" srcset=\"https:\/\/moikk.hu\/wp-content\/uploads\/2021\/08\/Seteny-Gyongyi-Kapitany-Hilda-min-768x1024.jpg 768w, https:\/\/moikk.hu\/wp-content\/uploads\/2021\/08\/Seteny-Gyongyi-Kapitany-Hilda-min-225x300.jpg 225w, https:\/\/moikk.hu\/wp-content\/uploads\/2021\/08\/Seteny-Gyongyi-Kapitany-Hilda-min-1152x1536.jpg 1152w, https:\/\/moikk.hu\/wp-content\/uploads\/2021\/08\/Seteny-Gyongyi-Kapitany-Hilda-min-1536x2048.jpg 1536w, https:\/\/moikk.hu\/wp-content\/uploads\/2021\/08\/Seteny-Gyongyi-Kapitany-Hilda-min-300x400.jpg 300w, https:\/\/moikk.hu\/wp-content\/uploads\/2021\/08\/Seteny-Gyongyi-Kapitany-Hilda-min-850x1133.jpg 850w, https:\/\/moikk.hu\/wp-content\/uploads\/2021\/08\/Seteny-Gyongyi-Kapitany-Hilda-min-scaled.jpg 1920w\" sizes=\"auto, (max-width: 768px) 100vw, 768px\" \/><figcaption class=\"blocks-gallery-item__caption\">Set\u00e9ny Gy\u00f6ngyi, Kapit\u00e1ny Hilda<\/figcaption><\/figure><\/li><li class=\"blocks-gallery-item\"><figure><img loading=\"lazy\" decoding=\"async\" width=\"768\" height=\"1024\" src=\"https:\/\/moikk.hu\/wp-content\/uploads\/2021\/08\/Vinczeek-jokedve-min-768x1024.jpg\" alt=\"\" data-id=\"787\" data-full-url=\"https:\/\/moikk.hu\/wp-content\/uploads\/2021\/08\/Vinczeek-jokedve-min-scaled.jpg\" data-link=\"https:\/\/moikk.hu\/vinczeek-jokedve-min\/\" class=\"wp-image-787\" srcset=\"https:\/\/moikk.hu\/wp-content\/uploads\/2021\/08\/Vinczeek-jokedve-min-768x1024.jpg 768w, https:\/\/moikk.hu\/wp-content\/uploads\/2021\/08\/Vinczeek-jokedve-min-225x300.jpg 225w, https:\/\/moikk.hu\/wp-content\/uploads\/2021\/08\/Vinczeek-jokedve-min-1152x1536.jpg 1152w, https:\/\/moikk.hu\/wp-content\/uploads\/2021\/08\/Vinczeek-jokedve-min-1536x2048.jpg 1536w, https:\/\/moikk.hu\/wp-content\/uploads\/2021\/08\/Vinczeek-jokedve-min-300x400.jpg 300w, https:\/\/moikk.hu\/wp-content\/uploads\/2021\/08\/Vinczeek-jokedve-min-850x1133.jpg 850w, https:\/\/moikk.hu\/wp-content\/uploads\/2021\/08\/Vinczeek-jokedve-min-scaled.jpg 1920w\" sizes=\"auto, (max-width: 768px) 100vw, 768px\" \/><figcaption class=\"blocks-gallery-item__caption\">Vincz\u00e9\u00e9k j\u00f3kedve!<\/figcaption><\/figure><\/li><\/ul><\/figure>\n\n\n\n<p><\/p>\n","protected":false},"excerpt":{"rendered":"","protected":false},"author":1,"featured_media":0,"parent":0,"menu_order":0,"comment_status":"closed","ping_status":"closed","template":"","meta":{"footnotes":""},"class_list":["post-788","page","type-page","status-publish","hentry"],"_links":{"self":[{"href":"https:\/\/moikk.hu\/index.php\/wp-json\/wp\/v2\/pages\/788","targetHints":{"allow":["GET"]}}],"collection":[{"href":"https:\/\/moikk.hu\/index.php\/wp-json\/wp\/v2\/pages"}],"about":[{"href":"https:\/\/moikk.hu\/index.php\/wp-json\/wp\/v2\/types\/page"}],"author":[{"embeddable":true,"href":"https:\/\/moikk.hu\/index.php\/wp-json\/wp\/v2\/users\/1"}],"replies":[{"embeddable":true,"href":"https:\/\/moikk.hu\/index.php\/wp-json\/wp\/v2\/comments?post=788"}],"version-history":[{"count":5,"href":"https:\/\/moikk.hu\/index.php\/wp-json\/wp\/v2\/pages\/788\/revisions"}],"predecessor-version":[{"id":825,"href":"https:\/\/moikk.hu\/index.php\/wp-json\/wp\/v2\/pages\/788\/revisions\/825"}],"wp:attachment":[{"href":"https:\/\/moikk.hu\/index.php\/wp-json\/wp\/v2\/media?parent=788"}],"curies":[{"name":"wp","href":"https:\/\/api.w.org\/{rel}","templated":true}]}}