{"id":61,"date":"2020-06-17T20:28:54","date_gmt":"2020-06-17T20:28:54","guid":{"rendered":"http:\/\/localhost\/moikk\/?page_id=54"},"modified":"2025-05-17T20:03:42","modified_gmt":"2025-05-17T20:03:42","slug":"ertesito","status":"publish","type":"page","link":"https:\/\/moikk.hu\/index.php\/ertesito\/","title":{"rendered":"\u00c9rtes\u00edt\u0151k"},"content":{"rendered":"\n<ul class=\"wp-block-list\">\n<li>\u00c9rtes\u00edt\u0151-2025<\/li>\n<\/ul>\n\n\n\n<div data-wp-interactive=\"core\/file\" class=\"wp-block-file\"><object data-wp-bind--hidden=\"!state.hasPdfPreview\" hidden class=\"wp-block-file__embed\" data=\"https:\/\/moikk.hu\/wp-content\/uploads\/2025\/05\/Ertesito-es-Jelentkezesi-Lap-2025.pdf\" type=\"application\/pdf\" style=\"width:100%;height:600px\" aria-label=\"\u00c9rtes\u00edt\u0151 \u00e9s Jelentkez\u00e9si Lap 2025. be\u00e1gyaz\u00e1sa\"><\/object><a id=\"wp-block-file--media-3d5d9320-98b7-4425-a286-eafd35570c42\" href=\"https:\/\/moikk.hu\/wp-content\/uploads\/2025\/05\/Ertesito-es-Jelentkezesi-Lap-2025.pdf\">\u00c9rtes\u00edt\u0151 \u00e9s Jelentkez\u00e9si Lap 2025.<\/a><a href=\"https:\/\/moikk.hu\/wp-content\/uploads\/2025\/05\/Ertesito-es-Jelentkezesi-Lap-2025.pdf\" class=\"wp-block-file__button wp-element-button\" download aria-describedby=\"wp-block-file--media-3d5d9320-98b7-4425-a286-eafd35570c42\">Let\u00f6lt\u00e9s<\/a><\/div>\n\n\n\n<ul class=\"wp-block-list\">\n<li><a href=\"https:\/\/moikk.hu\/index.php\/2024\/05\/18\/moikk-ertesites-jelentkezes-2024\">\u00c9rtes\u00edt\u0151-2024<\/a><\/li>\n<\/ul>\n\n\n\n<ul class=\"wp-block-list\">\n<li><a href=\"https:\/\/moikk.hu\/wp-content\/uploads\/2024\/02\/Ertesit\u00f623.pdf\" data-type=\"URL\">\u00c9rtes\u00edt\u0151-2023<\/a><\/li>\n<\/ul>\n\n\n\n<ul class=\"wp-block-list\">\n<li><a href=\"https:\/\/moikk.hu\/wp-content\/uploads\/2022\/08\/Tajekozt-2022.pdf\">\u00c9rtes\u00edt\u0151-2022<\/a><\/li>\n<\/ul>\n\n\n\n<ul class=\"wp-block-list\">\n<li><a href=\"https:\/\/moikk.hu\/wp-content\/uploads\/2021\/menu20\/Ertesit\u00f6-2021.pdf\">\u00c9rtes\u00edt\u0151-2021<\/a><\/li>\n<\/ul>\n","protected":false},"excerpt":{"rendered":"","protected":false},"author":2,"featured_media":0,"parent":0,"menu_order":0,"comment_status":"closed","ping_status":"closed","template":"","meta":{"footnotes":""},"class_list":["post-61","page","type-page","status-publish","hentry"],"_links":{"self":[{"href":"https:\/\/moikk.hu\/index.php\/wp-json\/wp\/v2\/pages\/61","targetHints":{"allow":["GET"]}}],"collection":[{"href":"https:\/\/moikk.hu\/index.php\/wp-json\/wp\/v2\/pages"}],"about":[{"href":"https:\/\/moikk.hu\/index.php\/wp-json\/wp\/v2\/types\/page"}],"author":[{"embeddable":true,"href":"https:\/\/moikk.hu\/index.php\/wp-json\/wp\/v2\/users\/2"}],"replies":[{"embeddable":true,"href":"https:\/\/moikk.hu\/index.php\/wp-json\/wp\/v2\/comments?post=61"}],"version-history":[{"count":8,"href":"https:\/\/moikk.hu\/index.php\/wp-json\/wp\/v2\/pages\/61\/revisions"}],"predecessor-version":[{"id":3332,"href":"https:\/\/moikk.hu\/index.php\/wp-json\/wp\/v2\/pages\/61\/revisions\/3332"}],"wp:attachment":[{"href":"https:\/\/moikk.hu\/index.php\/wp-json\/wp\/v2\/media?parent=61"}],"curies":[{"name":"wp","href":"https:\/\/api.w.org\/{rel}","templated":true}]}}