{"id":604,"date":"2021-05-30T11:25:28","date_gmt":"2021-05-30T11:25:28","guid":{"rendered":"https:\/\/moikk.hu\/?page_id=604"},"modified":"2022-01-28T15:19:34","modified_gmt":"2022-01-28T15:19:34","slug":"kapitany-hilda","status":"publish","type":"page","link":"https:\/\/moikk.hu\/index.php\/kapitany-hilda\/","title":{"rendered":"Kapit\u00e1ny Hilda"},"content":{"rendered":"\n<figure class=\"wp-block-image size-large is-style-default\"><img loading=\"lazy\" decoding=\"async\" width=\"1016\" height=\"1024\" src=\"https:\/\/moikk.hu\/wp-content\/uploads\/2022\/01\/Halszem-min-1016x1024.jpg\" alt=\"\" class=\"wp-image-1458\" srcset=\"https:\/\/moikk.hu\/wp-content\/uploads\/2022\/01\/Halszem-min-1016x1024.jpg 1016w, https:\/\/moikk.hu\/wp-content\/uploads\/2022\/01\/Halszem-min-298x300.jpg 298w, https:\/\/moikk.hu\/wp-content\/uploads\/2022\/01\/Halszem-min-150x150.jpg 150w, https:\/\/moikk.hu\/wp-content\/uploads\/2022\/01\/Halszem-min-768x774.jpg 768w, https:\/\/moikk.hu\/wp-content\/uploads\/2022\/01\/Halszem-min-1524x1536.jpg 1524w, https:\/\/moikk.hu\/wp-content\/uploads\/2022\/01\/Halszem-min-300x302.jpg 300w, https:\/\/moikk.hu\/wp-content\/uploads\/2022\/01\/Halszem-min-850x857.jpg 850w, https:\/\/moikk.hu\/wp-content\/uploads\/2022\/01\/Halszem-min.jpg 1811w\" sizes=\"auto, (max-width: 1016px) 100vw, 1016px\" \/><figcaption>Halszem (t\u0171zzom\u00e1nc)<\/figcaption><\/figure>\n\n\n\n<figure class=\"wp-block-image size-large is-style-default\"><img loading=\"lazy\" decoding=\"async\" width=\"1024\" height=\"1024\" src=\"https:\/\/moikk.hu\/wp-content\/uploads\/2022\/01\/Harka-legendaja-min-1024x1024.jpg\" alt=\"\" class=\"wp-image-1459\" srcset=\"https:\/\/moikk.hu\/wp-content\/uploads\/2022\/01\/Harka-legendaja-min-1024x1024.jpg 1024w, https:\/\/moikk.hu\/wp-content\/uploads\/2022\/01\/Harka-legendaja-min-300x300.jpg 300w, https:\/\/moikk.hu\/wp-content\/uploads\/2022\/01\/Harka-legendaja-min-150x150.jpg 150w, https:\/\/moikk.hu\/wp-content\/uploads\/2022\/01\/Harka-legendaja-min-768x768.jpg 768w, https:\/\/moikk.hu\/wp-content\/uploads\/2022\/01\/Harka-legendaja-min-1536x1536.jpg 1536w, https:\/\/moikk.hu\/wp-content\/uploads\/2022\/01\/Harka-legendaja-min-850x850.jpg 850w, https:\/\/moikk.hu\/wp-content\/uploads\/2022\/01\/Harka-legendaja-min.jpg 1785w\" sizes=\"auto, (max-width: 1024px) 100vw, 1024px\" \/><figcaption>Harka legend\u00e1ja (t\u0171zzom\u00e1nc)<\/figcaption><\/figure>\n\n\n\n<figure class=\"wp-block-image size-large is-style-default\"><img loading=\"lazy\" decoding=\"async\" width=\"634\" height=\"1024\" src=\"https:\/\/moikk.hu\/wp-content\/uploads\/2022\/01\/Holdtolte-I.-min-634x1024.jpg\" alt=\"\" class=\"wp-image-1460\" srcset=\"https:\/\/moikk.hu\/wp-content\/uploads\/2022\/01\/Holdtolte-I.-min-634x1024.jpg 634w, https:\/\/moikk.hu\/wp-content\/uploads\/2022\/01\/Holdtolte-I.-min-186x300.jpg 186w, https:\/\/moikk.hu\/wp-content\/uploads\/2022\/01\/Holdtolte-I.-min-768x1239.jpg 768w, https:\/\/moikk.hu\/wp-content\/uploads\/2022\/01\/Holdtolte-I.-min-952x1536.jpg 952w, https:\/\/moikk.hu\/wp-content\/uploads\/2022\/01\/Holdtolte-I.-min-300x484.jpg 300w, https:\/\/moikk.hu\/wp-content\/uploads\/2022\/01\/Holdtolte-I.-min-850x1372.jpg 850w, https:\/\/moikk.hu\/wp-content\/uploads\/2022\/01\/Holdtolte-I.-min.jpg 1005w\" sizes=\"auto, (max-width: 634px) 100vw, 634px\" \/><figcaption>Holdt\u00f6lte I. (t\u0171zzom\u00e1nc)<\/figcaption><\/figure>\n\n\n\n<figure class=\"wp-block-image size-large is-style-default\"><img loading=\"lazy\" decoding=\"async\" width=\"687\" height=\"1024\" src=\"https:\/\/moikk.hu\/wp-content\/uploads\/2022\/01\/Holdtolte-II.-min-687x1024.jpg\" alt=\"\" class=\"wp-image-1463\" srcset=\"https:\/\/moikk.hu\/wp-content\/uploads\/2022\/01\/Holdtolte-II.-min-687x1024.jpg 687w, https:\/\/moikk.hu\/wp-content\/uploads\/2022\/01\/Holdtolte-II.-min-201x300.jpg 201w, https:\/\/moikk.hu\/wp-content\/uploads\/2022\/01\/Holdtolte-II.-min-768x1144.jpg 768w, https:\/\/moikk.hu\/wp-content\/uploads\/2022\/01\/Holdtolte-II.-min-1031x1536.jpg 1031w, https:\/\/moikk.hu\/wp-content\/uploads\/2022\/01\/Holdtolte-II.-min-300x447.jpg 300w, https:\/\/moikk.hu\/wp-content\/uploads\/2022\/01\/Holdtolte-II.-min-850x1266.jpg 850w, https:\/\/moikk.hu\/wp-content\/uploads\/2022\/01\/Holdtolte-II.-min.jpg 1131w\" sizes=\"auto, (max-width: 687px) 100vw, 687px\" \/><figcaption>Holdt\u00f6lte II. (t\u0171zzom\u00e1nc)<\/figcaption><\/figure>\n\n\n\n<figure class=\"wp-block-image size-large is-style-default\"><img loading=\"lazy\" decoding=\"async\" width=\"626\" height=\"1024\" src=\"https:\/\/moikk.hu\/wp-content\/uploads\/2021\/05\/KH1-626x1024.jpg\" alt=\"\" class=\"wp-image-603\" srcset=\"https:\/\/moikk.hu\/wp-content\/uploads\/2021\/05\/KH1-626x1024.jpg 626w, https:\/\/moikk.hu\/wp-content\/uploads\/2021\/05\/KH1-183x300.jpg 183w, https:\/\/moikk.hu\/wp-content\/uploads\/2021\/05\/KH1-768x1256.jpg 768w, https:\/\/moikk.hu\/wp-content\/uploads\/2021\/05\/KH1-939x1536.jpg 939w, https:\/\/moikk.hu\/wp-content\/uploads\/2021\/05\/KH1-1252x2048.jpg 1252w, https:\/\/moikk.hu\/wp-content\/uploads\/2021\/05\/KH1-300x491.jpg 300w, https:\/\/moikk.hu\/wp-content\/uploads\/2021\/05\/KH1-850x1390.jpg 850w, https:\/\/moikk.hu\/wp-content\/uploads\/2021\/05\/KH1.jpg 1388w\" sizes=\"auto, (max-width: 626px) 100vw, 626px\" \/><figcaption><strong>K\u00e1rolyi Kert f\u00e1i<\/strong> (t\u0171zzom\u00e1nc)<\/figcaption><\/figure>\n\n\n\n<figure class=\"wp-block-image size-large is-style-default\"><img loading=\"lazy\" decoding=\"async\" width=\"1024\" height=\"975\" src=\"https:\/\/moikk.hu\/wp-content\/uploads\/2021\/05\/KH2-1024x975.jpg\" alt=\"\" class=\"wp-image-602\" srcset=\"https:\/\/moikk.hu\/wp-content\/uploads\/2021\/05\/KH2-1024x975.jpg 1024w, https:\/\/moikk.hu\/wp-content\/uploads\/2021\/05\/KH2-300x286.jpg 300w, https:\/\/moikk.hu\/wp-content\/uploads\/2021\/05\/KH2-768x731.jpg 768w, https:\/\/moikk.hu\/wp-content\/uploads\/2021\/05\/KH2-1536x1462.jpg 1536w, https:\/\/moikk.hu\/wp-content\/uploads\/2021\/05\/KH2-850x809.jpg 850w, https:\/\/moikk.hu\/wp-content\/uploads\/2021\/05\/KH2.jpg 1661w\" sizes=\"auto, (max-width: 1024px) 100vw, 1024px\" \/><figcaption><strong>Szt. Gallen<\/strong> (t\u0171zzom\u00e1nc)<\/figcaption><\/figure>\n\n\n\n<figure class=\"wp-block-image size-large is-style-default\"><img loading=\"lazy\" decoding=\"async\" width=\"768\" height=\"1024\" src=\"https:\/\/moikk.hu\/wp-content\/uploads\/2021\/06\/KH3-768x1024.jpg\" alt=\"\" class=\"wp-image-693\" srcset=\"https:\/\/moikk.hu\/wp-content\/uploads\/2021\/06\/KH3-768x1024.jpg 768w, https:\/\/moikk.hu\/wp-content\/uploads\/2021\/06\/KH3-225x300.jpg 225w, https:\/\/moikk.hu\/wp-content\/uploads\/2021\/06\/KH3-1152x1536.jpg 1152w, https:\/\/moikk.hu\/wp-content\/uploads\/2021\/06\/KH3-1536x2048.jpg 1536w, https:\/\/moikk.hu\/wp-content\/uploads\/2021\/06\/KH3-300x400.jpg 300w, https:\/\/moikk.hu\/wp-content\/uploads\/2021\/06\/KH3-850x1133.jpg 850w, https:\/\/moikk.hu\/wp-content\/uploads\/2021\/06\/KH3.jpg 1920w\" sizes=\"auto, (max-width: 768px) 100vw, 768px\" \/><figcaption><strong>\u00d6tv\u00f6sremekek<\/strong><\/figcaption><\/figure>\n\n\n\n<p><\/p>\n","protected":false},"excerpt":{"rendered":"","protected":false},"author":1,"featured_media":0,"parent":0,"menu_order":0,"comment_status":"closed","ping_status":"closed","template":"","meta":{"footnotes":""},"class_list":["post-604","page","type-page","status-publish","hentry"],"_links":{"self":[{"href":"https:\/\/moikk.hu\/index.php\/wp-json\/wp\/v2\/pages\/604","targetHints":{"allow":["GET"]}}],"collection":[{"href":"https:\/\/moikk.hu\/index.php\/wp-json\/wp\/v2\/pages"}],"about":[{"href":"https:\/\/moikk.hu\/index.php\/wp-json\/wp\/v2\/types\/page"}],"author":[{"embeddable":true,"href":"https:\/\/moikk.hu\/index.php\/wp-json\/wp\/v2\/users\/1"}],"replies":[{"embeddable":true,"href":"https:\/\/moikk.hu\/index.php\/wp-json\/wp\/v2\/comments?post=604"}],"version-history":[{"count":5,"href":"https:\/\/moikk.hu\/index.php\/wp-json\/wp\/v2\/pages\/604\/revisions"}],"predecessor-version":[{"id":1508,"href":"https:\/\/moikk.hu\/index.php\/wp-json\/wp\/v2\/pages\/604\/revisions\/1508"}],"wp:attachment":[{"href":"https:\/\/moikk.hu\/index.php\/wp-json\/wp\/v2\/media?parent=604"}],"curies":[{"name":"wp","href":"https:\/\/api.w.org\/{rel}","templated":true}]}}

Kapitány Hilda

<figure class="wp-block-image size-large is-style-default"><img loading="lazy" decoding="async" width="1016" height="1024" src="https://moikk.hu/wp-content/uploads/2022/01/Halszem-min-1016x1024.jpg" alt="" class="wp-image-1458" srcset="https://moikk.hu/wp-content/uploads/2022/01/Halszem-min-1016x1024.jpg 1016w, https://moikk.hu/wp-content/uploads/2022/01/Halszem-min-298x300.jpg 298w, https://moikk.hu/wp-content/uploads/2022/01/Halszem-min-150x150.jpg 150w, https://moikk.hu/wp-content/uploads/2022/01/Halszem-min-768x774.jpg 768w, https://moikk.hu/wp-content/uploads/2022/01/Halszem-min-1524x1536.jpg 1524w, https://moikk.hu/wp-content/uploads/2022/01/Halszem-min-300x302.jpg 300w, https://moikk.hu/wp-content/uploads/2022/01/Halszem-min-850x857.jpg 850w, https://moikk.hu/wp-content/uploads/2022/01/Halszem-min.jpg 1811w" sizes="auto, (max-width: 1016px) 100vw, 1016px" /><figcaption>Halszem (tűzzománc)</figcaption></figure>



<figure class="wp-block-image size-large is-style-default"><img loading="lazy" decoding="async" width="1024" height="1024" src="https://moikk.hu/wp-content/uploads/2022/01/Harka-legendaja-min-1024x1024.jpg" alt="" class="wp-image-1459" srcset="https://moikk.hu/wp-content/uploads/2022/01/Harka-legendaja-min-1024x1024.jpg 1024w, https://moikk.hu/wp-content/uploads/2022/01/Harka-legendaja-min-300x300.jpg 300w, https://moikk.hu/wp-content/uploads/2022/01/Harka-legendaja-min-150x150.jpg 150w, https://moikk.hu/wp-content/uploads/2022/01/Harka-legendaja-min-768x768.jpg 768w, https://moikk.hu/wp-content/uploads/2022/01/Harka-legendaja-min-1536x1536.jpg 1536w, https://moikk.hu/wp-content/uploads/2022/01/Harka-legendaja-min-850x850.jpg 850w, https://moikk.hu/wp-content/uploads/2022/01/Harka-legendaja-min.jpg 1785w" sizes="auto, (max-width: 1024px) 100vw, 1024px" /><figcaption>Harka legendája (tűzzománc)</figcaption></figure>



<figure class="wp-block-image size-large is-style-default"><img loading="lazy" decoding="async" width="634" height="1024" src="https://moikk.hu/wp-content/uploads/2022/01/Holdtolte-I.-min-634x1024.jpg" alt="" class="wp-image-1460" srcset="https://moikk.hu/wp-content/uploads/2022/01/Holdtolte-I.-min-634x1024.jpg 634w, https://moikk.hu/wp-content/uploads/2022/01/Holdtolte-I.-min-186x300.jpg 186w, https://moikk.hu/wp-content/uploads/2022/01/Holdtolte-I.-min-768x1239.jpg 768w, https://moikk.hu/wp-content/uploads/2022/01/Holdtolte-I.-min-952x1536.jpg 952w, https://moikk.hu/wp-content/uploads/2022/01/Holdtolte-I.-min-300x484.jpg 300w, https://moikk.hu/wp-content/uploads/2022/01/Holdtolte-I.-min-850x1372.jpg 850w, https://moikk.hu/wp-content/uploads/2022/01/Holdtolte-I.-min.jpg 1005w" sizes="auto, (max-width: 634px) 100vw, 634px" /><figcaption>Holdtölte I. (tűzzománc)</figcaption></figure>



<figure class="wp-block-image size-large is-style-default"><img loading="lazy" decoding="async" width="687" height="1024" src="https://moikk.hu/wp-content/uploads/2022/01/Holdtolte-II.-min-687x1024.jpg" alt="" class="wp-image-1463" srcset="https://moikk.hu/wp-content/uploads/2022/01/Holdtolte-II.-min-687x1024.jpg 687w, https://moikk.hu/wp-content/uploads/2022/01/Holdtolte-II.-min-201x300.jpg 201w, https://moikk.hu/wp-content/uploads/2022/01/Holdtolte-II.-min-768x1144.jpg 768w, https://moikk.hu/wp-content/uploads/2022/01/Holdtolte-II.-min-1031x1536.jpg 1031w, https://moikk.hu/wp-content/uploads/2022/01/Holdtolte-II.-min-300x447.jpg 300w, https://moikk.hu/wp-content/uploads/2022/01/Holdtolte-II.-min-850x1266.jpg 850w, https://moikk.hu/wp-content/uploads/2022/01/Holdtolte-II.-min.jpg 1131w" sizes="auto, (max-width: 687px) 100vw, 687px" /><figcaption>Holdtölte II. (tűzzománc)</figcaption></figure>



<figure class="wp-block-image size-large is-style-default"><img loading="lazy" decoding="async" width="626" height="1024" src="https://moikk.hu/wp-content/uploads/2021/05/KH1-626x1024.jpg" alt="" class="wp-image-603" srcset="https://moikk.hu/wp-content/uploads/2021/05/KH1-626x1024.jpg 626w, https://moikk.hu/wp-content/uploads/2021/05/KH1-183x300.jpg 183w, https://moikk.hu/wp-content/uploads/2021/05/KH1-768x1256.jpg 768w, https://moikk.hu/wp-content/uploads/2021/05/KH1-939x1536.jpg 939w, https://moikk.hu/wp-content/uploads/2021/05/KH1-1252x2048.jpg 1252w, https://moikk.hu/wp-content/uploads/2021/05/KH1-300x491.jpg 300w, https://moikk.hu/wp-content/uploads/2021/05/KH1-850x1390.jpg 850w, https://moikk.hu/wp-content/uploads/2021/05/KH1.jpg 1388w" sizes="auto, (max-width: 626px) 100vw, 626px" /><figcaption><strong>Károlyi Kert fái</strong> (tűzzománc)</figcaption></figure>



<figure class="wp-block-image size-large is-style-default"><img loading="lazy" decoding="async" width="1024" height="975" src="https://moikk.hu/wp-content/uploads/2021/05/KH2-1024x975.jpg" alt="" class="wp-image-602" srcset="https://moikk.hu/wp-content/uploads/2021/05/KH2-1024x975.jpg 1024w, https://moikk.hu/wp-content/uploads/2021/05/KH2-300x286.jpg 300w, https://moikk.hu/wp-content/uploads/2021/05/KH2-768x731.jpg 768w, https://moikk.hu/wp-content/uploads/2021/05/KH2-1536x1462.jpg 1536w, https://moikk.hu/wp-content/uploads/2021/05/KH2-850x809.jpg 850w, https://moikk.hu/wp-content/uploads/2021/05/KH2.jpg 1661w" sizes="auto, (max-width: 1024px) 100vw, 1024px" /><figcaption><strong>Szt. Gallen</strong> (tűzzománc)</figcaption></figure>



<figure class="wp-block-image size-large is-style-default"><img loading="lazy" decoding="async" width="768" height="1024" src="https://moikk.hu/wp-content/uploads/2021/06/KH3-768x1024.jpg" alt="" class="wp-image-693" srcset="https://moikk.hu/wp-content/uploads/2021/06/KH3-768x1024.jpg 768w, https://moikk.hu/wp-content/uploads/2021/06/KH3-225x300.jpg 225w, https://moikk.hu/wp-content/uploads/2021/06/KH3-1152x1536.jpg 1152w, https://moikk.hu/wp-content/uploads/2021/06/KH3-1536x2048.jpg 1536w, https://moikk.hu/wp-content/uploads/2021/06/KH3-300x400.jpg 300w, https://moikk.hu/wp-content/uploads/2021/06/KH3-850x1133.jpg 850w, https://moikk.hu/wp-content/uploads/2021/06/KH3.jpg 1920w" sizes="auto, (max-width: 768px) 100vw, 768px" /><figcaption><strong>Ötvösremekek</strong></figcaption></figure>



<p></p>
