{"id":584,"date":"2021-05-29T16:19:09","date_gmt":"2021-05-29T16:19:09","guid":{"rendered":"https:\/\/moikk.hu\/?page_id=584"},"modified":"2023-01-29T21:11:37","modified_gmt":"2023-01-29T21:11:37","slug":"seteny-gyongyi-muveszetterapeuta","status":"publish","type":"page","link":"https:\/\/moikk.hu\/index.php\/seteny-gyongyi-muveszetterapeuta\/","title":{"rendered":"Set\u00e9ny Gy\u00f6ngyi m\u0171v\u00e9szetterapeuta"},"content":{"rendered":"\n<p style=\"font-size:26px\"><strong>Felt\u00e9ve 2023-ban:<\/strong><\/p>\n\n\n\n<figure class=\"wp-block-image size-large is-style-default\"><img loading=\"lazy\" decoding=\"async\" width=\"768\" height=\"1024\" src=\"https:\/\/moikk.hu\/wp-content\/uploads\/2023\/01\/Ekszerek-768x1024.jpg\" alt=\"\" class=\"wp-image-2452\" srcset=\"https:\/\/moikk.hu\/wp-content\/uploads\/2023\/01\/Ekszerek-768x1024.jpg 768w, https:\/\/moikk.hu\/wp-content\/uploads\/2023\/01\/Ekszerek-225x300.jpg 225w, https:\/\/moikk.hu\/wp-content\/uploads\/2023\/01\/Ekszerek-1152x1536.jpg 1152w, https:\/\/moikk.hu\/wp-content\/uploads\/2023\/01\/Ekszerek-1536x2048.jpg 1536w, https:\/\/moikk.hu\/wp-content\/uploads\/2023\/01\/Ekszerek-300x400.jpg 300w, https:\/\/moikk.hu\/wp-content\/uploads\/2023\/01\/Ekszerek-850x1133.jpg 850w, https:\/\/moikk.hu\/wp-content\/uploads\/2023\/01\/Ekszerek-scaled.jpg 1920w\" sizes=\"auto, (max-width: 768px) 100vw, 768px\" \/><figcaption class=\"wp-element-caption\"><strong>\u00c9kszerek<\/strong><\/figcaption><\/figure>\n\n\n\n<figure class=\"wp-block-image size-large is-style-default\"><img loading=\"lazy\" decoding=\"async\" width=\"759\" height=\"1024\" src=\"https:\/\/moikk.hu\/wp-content\/uploads\/2023\/01\/Lila-viragok-fluid-art-akril-vaszon-30x40-cm-759x1024.jpg\" alt=\"\" class=\"wp-image-2453\" srcset=\"https:\/\/moikk.hu\/wp-content\/uploads\/2023\/01\/Lila-viragok-fluid-art-akril-vaszon-30x40-cm-759x1024.jpg 759w, https:\/\/moikk.hu\/wp-content\/uploads\/2023\/01\/Lila-viragok-fluid-art-akril-vaszon-30x40-cm-222x300.jpg 222w, https:\/\/moikk.hu\/wp-content\/uploads\/2023\/01\/Lila-viragok-fluid-art-akril-vaszon-30x40-cm-768x1036.jpg 768w, https:\/\/moikk.hu\/wp-content\/uploads\/2023\/01\/Lila-viragok-fluid-art-akril-vaszon-30x40-cm-1138x1536.jpg 1138w, https:\/\/moikk.hu\/wp-content\/uploads\/2023\/01\/Lila-viragok-fluid-art-akril-vaszon-30x40-cm-1518x2048.jpg 1518w, https:\/\/moikk.hu\/wp-content\/uploads\/2023\/01\/Lila-viragok-fluid-art-akril-vaszon-30x40-cm-300x405.jpg 300w, https:\/\/moikk.hu\/wp-content\/uploads\/2023\/01\/Lila-viragok-fluid-art-akril-vaszon-30x40-cm-850x1147.jpg 850w, https:\/\/moikk.hu\/wp-content\/uploads\/2023\/01\/Lila-viragok-fluid-art-akril-vaszon-30x40-cm-scaled.jpg 1897w\" sizes=\"auto, (max-width: 759px) 100vw, 759px\" \/><figcaption class=\"wp-element-caption\"><strong>Lila vir\u00e1gok<\/strong><\/figcaption><\/figure>\n\n\n\n<figure class=\"wp-block-image size-large is-style-default\"><img loading=\"lazy\" decoding=\"async\" width=\"777\" height=\"1024\" src=\"https:\/\/moikk.hu\/wp-content\/uploads\/2023\/01\/Liliom-feszitett-vaszon-akril-30x40-cm-777x1024.jpg\" alt=\"\" class=\"wp-image-2454\" srcset=\"https:\/\/moikk.hu\/wp-content\/uploads\/2023\/01\/Liliom-feszitett-vaszon-akril-30x40-cm-777x1024.jpg 777w, https:\/\/moikk.hu\/wp-content\/uploads\/2023\/01\/Liliom-feszitett-vaszon-akril-30x40-cm-228x300.jpg 228w, https:\/\/moikk.hu\/wp-content\/uploads\/2023\/01\/Liliom-feszitett-vaszon-akril-30x40-cm-768x1012.jpg 768w, https:\/\/moikk.hu\/wp-content\/uploads\/2023\/01\/Liliom-feszitett-vaszon-akril-30x40-cm-1166x1536.jpg 1166w, https:\/\/moikk.hu\/wp-content\/uploads\/2023\/01\/Liliom-feszitett-vaszon-akril-30x40-cm-1555x2048.jpg 1555w, https:\/\/moikk.hu\/wp-content\/uploads\/2023\/01\/Liliom-feszitett-vaszon-akril-30x40-cm-300x395.jpg 300w, https:\/\/moikk.hu\/wp-content\/uploads\/2023\/01\/Liliom-feszitett-vaszon-akril-30x40-cm-850x1120.jpg 850w, https:\/\/moikk.hu\/wp-content\/uploads\/2023\/01\/Liliom-feszitett-vaszon-akril-30x40-cm-scaled.jpg 1943w\" sizes=\"auto, (max-width: 777px) 100vw, 777px\" \/><figcaption class=\"wp-element-caption\"><strong>Liliom<\/strong><\/figcaption><\/figure>\n\n\n\n<figure class=\"wp-block-image size-large is-style-default\"><img loading=\"lazy\" decoding=\"async\" width=\"1024\" height=\"812\" src=\"https:\/\/moikk.hu\/wp-content\/uploads\/2023\/01\/Mandala-akril-vaszon-30x40-cm-1024x812.jpg\" alt=\"\" class=\"wp-image-2455\" srcset=\"https:\/\/moikk.hu\/wp-content\/uploads\/2023\/01\/Mandala-akril-vaszon-30x40-cm-1024x812.jpg 1024w, https:\/\/moikk.hu\/wp-content\/uploads\/2023\/01\/Mandala-akril-vaszon-30x40-cm-300x238.jpg 300w, https:\/\/moikk.hu\/wp-content\/uploads\/2023\/01\/Mandala-akril-vaszon-30x40-cm-768x609.jpg 768w, https:\/\/moikk.hu\/wp-content\/uploads\/2023\/01\/Mandala-akril-vaszon-30x40-cm-1536x1218.jpg 1536w, https:\/\/moikk.hu\/wp-content\/uploads\/2023\/01\/Mandala-akril-vaszon-30x40-cm-2048x1624.jpg 2048w, https:\/\/moikk.hu\/wp-content\/uploads\/2023\/01\/Mandala-akril-vaszon-30x40-cm-850x674.jpg 850w\" sizes=\"auto, (max-width: 1024px) 100vw, 1024px\" \/><figcaption class=\"wp-element-caption\"><strong>Mandala<\/strong><\/figcaption><\/figure>\n\n\n\n<figure class=\"wp-block-image size-large is-style-default\"><img loading=\"lazy\" decoding=\"async\" width=\"767\" height=\"1024\" src=\"https:\/\/moikk.hu\/wp-content\/uploads\/2023\/01\/Szinek-kavalkadja-fluid-art-akril-vaszon-30x40-cm-767x1024.jpg\" alt=\"\" class=\"wp-image-2456\" srcset=\"https:\/\/moikk.hu\/wp-content\/uploads\/2023\/01\/Szinek-kavalkadja-fluid-art-akril-vaszon-30x40-cm-767x1024.jpg 767w, https:\/\/moikk.hu\/wp-content\/uploads\/2023\/01\/Szinek-kavalkadja-fluid-art-akril-vaszon-30x40-cm-225x300.jpg 225w, https:\/\/moikk.hu\/wp-content\/uploads\/2023\/01\/Szinek-kavalkadja-fluid-art-akril-vaszon-30x40-cm-768x1026.jpg 768w, https:\/\/moikk.hu\/wp-content\/uploads\/2023\/01\/Szinek-kavalkadja-fluid-art-akril-vaszon-30x40-cm-1150x1536.jpg 1150w, https:\/\/moikk.hu\/wp-content\/uploads\/2023\/01\/Szinek-kavalkadja-fluid-art-akril-vaszon-30x40-cm-1533x2048.jpg 1533w, https:\/\/moikk.hu\/wp-content\/uploads\/2023\/01\/Szinek-kavalkadja-fluid-art-akril-vaszon-30x40-cm-300x401.jpg 300w, https:\/\/moikk.hu\/wp-content\/uploads\/2023\/01\/Szinek-kavalkadja-fluid-art-akril-vaszon-30x40-cm-850x1135.jpg 850w, https:\/\/moikk.hu\/wp-content\/uploads\/2023\/01\/Szinek-kavalkadja-fluid-art-akril-vaszon-30x40-cm-scaled.jpg 1917w\" sizes=\"auto, (max-width: 767px) 100vw, 767px\" \/><figcaption class=\"wp-element-caption\"><strong>Sz\u00ednek kavalk\u00e1dja<\/strong><\/figcaption><\/figure>\n\n\n\n<p><\/p>\n\n\n\n<p style=\"font-size:26px\"><strong>Felt\u00e9ve 2022-ben:<\/strong><\/p>\n\n\n\n<figure class=\"wp-block-image size-large is-resized is-style-default\"><img loading=\"lazy\" decoding=\"async\" src=\"https:\/\/moikk.hu\/wp-content\/uploads\/2022\/01\/Bolygok-karton-akril-33-cm-min-957x1024.jpg\" alt=\"\" class=\"wp-image-1481\" width=\"840\" height=\"898\" srcset=\"https:\/\/moikk.hu\/wp-content\/uploads\/2022\/01\/Bolygok-karton-akril-33-cm-min-957x1024.jpg 957w, https:\/\/moikk.hu\/wp-content\/uploads\/2022\/01\/Bolygok-karton-akril-33-cm-min-280x300.jpg 280w, https:\/\/moikk.hu\/wp-content\/uploads\/2022\/01\/Bolygok-karton-akril-33-cm-min-768x822.jpg 768w, https:\/\/moikk.hu\/wp-content\/uploads\/2022\/01\/Bolygok-karton-akril-33-cm-min-1435x1536.jpg 1435w, https:\/\/moikk.hu\/wp-content\/uploads\/2022\/01\/Bolygok-karton-akril-33-cm-min-1913x2048.jpg 1913w, https:\/\/moikk.hu\/wp-content\/uploads\/2022\/01\/Bolygok-karton-akril-33-cm-min-300x321.jpg 300w, https:\/\/moikk.hu\/wp-content\/uploads\/2022\/01\/Bolygok-karton-akril-33-cm-min-850x910.jpg 850w\" sizes=\"auto, (max-width: 840px) 100vw, 840px\" \/><figcaption class=\"wp-element-caption\">Bolyg\u00f3k (karton, akril &#8211; 33 cm)<\/figcaption><\/figure>\n\n\n\n<figure class=\"wp-block-image size-large is-style-default\"><img loading=\"lazy\" decoding=\"async\" width=\"927\" height=\"1024\" src=\"https:\/\/moikk.hu\/wp-content\/uploads\/2022\/01\/Csakra-mandala-farost-akril-35x35-min-927x1024.jpg\" alt=\"\" class=\"wp-image-1483\" srcset=\"https:\/\/moikk.hu\/wp-content\/uploads\/2022\/01\/Csakra-mandala-farost-akril-35x35-min-927x1024.jpg 927w, https:\/\/moikk.hu\/wp-content\/uploads\/2022\/01\/Csakra-mandala-farost-akril-35x35-min-272x300.jpg 272w, https:\/\/moikk.hu\/wp-content\/uploads\/2022\/01\/Csakra-mandala-farost-akril-35x35-min-768x848.jpg 768w, https:\/\/moikk.hu\/wp-content\/uploads\/2022\/01\/Csakra-mandala-farost-akril-35x35-min-1391x1536.jpg 1391w, https:\/\/moikk.hu\/wp-content\/uploads\/2022\/01\/Csakra-mandala-farost-akril-35x35-min-1855x2048.jpg 1855w, https:\/\/moikk.hu\/wp-content\/uploads\/2022\/01\/Csakra-mandala-farost-akril-35x35-min-300x331.jpg 300w, https:\/\/moikk.hu\/wp-content\/uploads\/2022\/01\/Csakra-mandala-farost-akril-35x35-min-850x939.jpg 850w\" sizes=\"auto, (max-width: 927px) 100vw, 927px\" \/><figcaption class=\"wp-element-caption\">Csakra mandala (farost, akril &#8211; 35&#215;35 cm)<\/figcaption><\/figure>\n\n\n\n<figure class=\"wp-block-image size-large is-style-default\"><img loading=\"lazy\" decoding=\"async\" width=\"942\" height=\"1024\" src=\"https:\/\/moikk.hu\/wp-content\/uploads\/2022\/01\/Mandala-III.-parafa-lemez.-akril-25-cm-min-942x1024.jpg\" alt=\"\" class=\"wp-image-1484\" srcset=\"https:\/\/moikk.hu\/wp-content\/uploads\/2022\/01\/Mandala-III.-parafa-lemez.-akril-25-cm-min-942x1024.jpg 942w, https:\/\/moikk.hu\/wp-content\/uploads\/2022\/01\/Mandala-III.-parafa-lemez.-akril-25-cm-min-276x300.jpg 276w, https:\/\/moikk.hu\/wp-content\/uploads\/2022\/01\/Mandala-III.-parafa-lemez.-akril-25-cm-min-768x835.jpg 768w, https:\/\/moikk.hu\/wp-content\/uploads\/2022\/01\/Mandala-III.-parafa-lemez.-akril-25-cm-min-1413x1536.jpg 1413w, https:\/\/moikk.hu\/wp-content\/uploads\/2022\/01\/Mandala-III.-parafa-lemez.-akril-25-cm-min-1884x2048.jpg 1884w, https:\/\/moikk.hu\/wp-content\/uploads\/2022\/01\/Mandala-III.-parafa-lemez.-akril-25-cm-min-300x326.jpg 300w, https:\/\/moikk.hu\/wp-content\/uploads\/2022\/01\/Mandala-III.-parafa-lemez.-akril-25-cm-min-850x924.jpg 850w\" sizes=\"auto, (max-width: 942px) 100vw, 942px\" \/><figcaption class=\"wp-element-caption\">Mandala III. (parafa, akril &#8211; 25 cm)<\/figcaption><\/figure>\n\n\n\n<figure class=\"wp-block-image size-large is-style-default\"><img loading=\"lazy\" decoding=\"async\" width=\"1024\" height=\"958\" src=\"https:\/\/moikk.hu\/wp-content\/uploads\/2022\/01\/Nepi-motivumok-farost-akril-53x53-cm-min-1024x958.jpg\" alt=\"\" class=\"wp-image-1487\" srcset=\"https:\/\/moikk.hu\/wp-content\/uploads\/2022\/01\/Nepi-motivumok-farost-akril-53x53-cm-min-1024x958.jpg 1024w, https:\/\/moikk.hu\/wp-content\/uploads\/2022\/01\/Nepi-motivumok-farost-akril-53x53-cm-min-300x281.jpg 300w, https:\/\/moikk.hu\/wp-content\/uploads\/2022\/01\/Nepi-motivumok-farost-akril-53x53-cm-min-768x718.jpg 768w, https:\/\/moikk.hu\/wp-content\/uploads\/2022\/01\/Nepi-motivumok-farost-akril-53x53-cm-min-1536x1437.jpg 1536w, https:\/\/moikk.hu\/wp-content\/uploads\/2022\/01\/Nepi-motivumok-farost-akril-53x53-cm-min-2048x1916.jpg 2048w, https:\/\/moikk.hu\/wp-content\/uploads\/2022\/01\/Nepi-motivumok-farost-akril-53x53-cm-min-850x795.jpg 850w\" sizes=\"auto, (max-width: 1024px) 100vw, 1024px\" \/><figcaption class=\"wp-element-caption\">N\u00e9pi mot\u00edvumok (farost, akril &#8211; 53&#215;53 cm)<\/figcaption><\/figure>\n\n\n\n<figure class=\"wp-block-image size-large is-style-default\"><img loading=\"lazy\" decoding=\"async\" width=\"982\" height=\"1024\" src=\"https:\/\/moikk.hu\/wp-content\/uploads\/2022\/01\/Vulkan-fesz.vaszon-fluid-art-akril-30-cm-min-982x1024.jpg\" alt=\"\" class=\"wp-image-1488\" srcset=\"https:\/\/moikk.hu\/wp-content\/uploads\/2022\/01\/Vulkan-fesz.vaszon-fluid-art-akril-30-cm-min-982x1024.jpg 982w, https:\/\/moikk.hu\/wp-content\/uploads\/2022\/01\/Vulkan-fesz.vaszon-fluid-art-akril-30-cm-min-288x300.jpg 288w, https:\/\/moikk.hu\/wp-content\/uploads\/2022\/01\/Vulkan-fesz.vaszon-fluid-art-akril-30-cm-min-768x801.jpg 768w, https:\/\/moikk.hu\/wp-content\/uploads\/2022\/01\/Vulkan-fesz.vaszon-fluid-art-akril-30-cm-min-1473x1536.jpg 1473w, https:\/\/moikk.hu\/wp-content\/uploads\/2022\/01\/Vulkan-fesz.vaszon-fluid-art-akril-30-cm-min-1964x2048.jpg 1964w, https:\/\/moikk.hu\/wp-content\/uploads\/2022\/01\/Vulkan-fesz.vaszon-fluid-art-akril-30-cm-min-300x313.jpg 300w, https:\/\/moikk.hu\/wp-content\/uploads\/2022\/01\/Vulkan-fesz.vaszon-fluid-art-akril-30-cm-min-850x886.jpg 850w\" sizes=\"auto, (max-width: 982px) 100vw, 982px\" \/><figcaption class=\"wp-element-caption\">Vulk\u00e1n (fesz. v\u00e1szon, fluid art akril &#8211; 30 cm)<\/figcaption><\/figure>\n\n\n<div class=\"wp-block-image\">\n<figure class=\"aligncenter size-large is-resized\"><a href=\"https:\/\/moikk.hu\/wp-content\/uploads\/2021\/05\/SGy1.jpg\"><img loading=\"lazy\" decoding=\"async\" src=\"https:\/\/moikk.hu\/wp-content\/uploads\/2021\/05\/SGy1.jpg\" alt=\"SetenyGy\" class=\"wp-image-581\" width=\"670\" height=\"670\" srcset=\"https:\/\/moikk.hu\/wp-content\/uploads\/2021\/05\/SGy1.jpg 206w, https:\/\/moikk.hu\/wp-content\/uploads\/2021\/05\/SGy1-150x150.jpg 150w\" sizes=\"auto, (max-width: 670px) 100vw, 670px\" \/><\/a><figcaption class=\"wp-element-caption\"><strong>\u00c9letutak (akril, v\u00e1szon)<\/strong><\/figcaption><\/figure><\/div>\n\n<div class=\"wp-block-image is-style-default\">\n<figure class=\"aligncenter size-large is-resized\"><img loading=\"lazy\" decoding=\"async\" src=\"https:\/\/moikk.hu\/wp-content\/uploads\/2021\/05\/SGy2.jpg\" alt=\"SetenyGy2\" class=\"wp-image-580\" width=\"691\" height=\"672\" srcset=\"https:\/\/moikk.hu\/wp-content\/uploads\/2021\/05\/SGy2.jpg 960w, https:\/\/moikk.hu\/wp-content\/uploads\/2021\/05\/SGy2-300x292.jpg 300w, https:\/\/moikk.hu\/wp-content\/uploads\/2021\/05\/SGy2-768x748.jpg 768w, https:\/\/moikk.hu\/wp-content\/uploads\/2021\/05\/SGy2-850x828.jpg 850w\" sizes=\"auto, (max-width: 691px) 100vw, 691px\" \/><figcaption class=\"wp-element-caption\"><strong>Elemek mozg\u00e1sban (akril, fluid art)<\/strong><\/figcaption><\/figure><\/div>\n\n<div class=\"wp-block-image is-style-default\">\n<figure class=\"aligncenter size-large is-resized\"><img loading=\"lazy\" decoding=\"async\" src=\"https:\/\/moikk.hu\/wp-content\/uploads\/2021\/05\/SGy3.jpg\" alt=\"\" class=\"wp-image-579\" width=\"693\" height=\"519\" srcset=\"https:\/\/moikk.hu\/wp-content\/uploads\/2021\/05\/SGy3.jpg 960w, https:\/\/moikk.hu\/wp-content\/uploads\/2021\/05\/SGy3-300x225.jpg 300w, https:\/\/moikk.hu\/wp-content\/uploads\/2021\/05\/SGy3-768x576.jpg 768w, https:\/\/moikk.hu\/wp-content\/uploads\/2021\/05\/SGy3-850x638.jpg 850w\" sizes=\"auto, (max-width: 693px) 100vw, 693px\" \/><figcaption class=\"wp-element-caption\"><strong>Mandala I.<\/strong><\/figcaption><\/figure><\/div>\n\n\n<p><\/p>\n","protected":false},"excerpt":{"rendered":"<p>Felt\u00e9ve 2023-ban: Felt\u00e9ve 2022-ben:<\/p>\n","protected":false},"author":1,"featured_media":0,"parent":0,"menu_order":0,"comment_status":"closed","ping_status":"closed","template":"","meta":{"footnotes":""},"class_list":["post-584","page","type-page","status-publish","hentry"],"_links":{"self":[{"href":"https:\/\/moikk.hu\/index.php\/wp-json\/wp\/v2\/pages\/584","targetHints":{"allow":["GET"]}}],"collection":[{"href":"https:\/\/moikk.hu\/index.php\/wp-json\/wp\/v2\/pages"}],"about":[{"href":"https:\/\/moikk.hu\/index.php\/wp-json\/wp\/v2\/types\/page"}],"author":[{"embeddable":true,"href":"https:\/\/moikk.hu\/index.php\/wp-json\/wp\/v2\/users\/1"}],"replies":[{"embeddable":true,"href":"https:\/\/moikk.hu\/index.php\/wp-json\/wp\/v2\/comments?post=584"}],"version-history":[{"count":4,"href":"https:\/\/moikk.hu\/index.php\/wp-json\/wp\/v2\/pages\/584\/revisions"}],"predecessor-version":[{"id":2457,"href":"https:\/\/moikk.hu\/index.php\/wp-json\/wp\/v2\/pages\/584\/revisions\/2457"}],"wp:attachment":[{"href":"https:\/\/moikk.hu\/index.php\/wp-json\/wp\/v2\/media?parent=584"}],"curies":[{"name":"wp","href":"https:\/\/api.w.org\/{rel}","templated":true}]}}