{"id":48,"date":"2020-06-17T20:28:54","date_gmt":"2020-06-17T20:28:54","guid":{"rendered":"http:\/\/localhost\/moikk\/?page_id=48"},"modified":"2026-02-03T21:14:10","modified_gmt":"2026-02-03T21:14:10","slug":"tarsasagi-szerzodes","status":"publish","type":"page","link":"https:\/\/moikk.hu\/index.php\/tarsasagi-szerzodes\/","title":{"rendered":"T\u00e1rsas\u00e1gi szerz\u0151d\u00e9s"},"content":{"rendered":"\n<ul class=\"wp-block-list\">\n<li style=\"font-size:22px\"><a href=\"https:\/\/moikk.hu\/wp-content\/uploads\/2021\/menu20\/TarsSzerzMOIKK20-22c.pdf\"><strong>T\u00e1rsas\u00e1gi szerz\u0151d\u00e9s &#8211; 2020. november 30.<\/strong><\/a><\/li>\n<\/ul>\n\n\n\n<p style=\"font-size:25px\"><strong><em>Mell\u00e9kletek<\/em><\/strong>:<\/p>\n\n\n\n<ol class=\"wp-block-list\">\n<li style=\"font-size:22px\"><strong>Adatkezel\u00e9si szab\u00e1lyzat<\/strong><\/li>\n\n\n\n<li style=\"font-size:22px\"><strong>Nyilatkozatok: <a href=\"https:\/\/moikk.hu\/wp-content\/uploads\/2021\/menu20\/MOIKK-be26.pdf\">Bel\u00e9p\u00e9si Nyilatkozat<\/a>; <a href=\"https:\/\/moikk.hu\/wp-content\/uploads\/2021\/menu20\/MOIKK-ki.pdf\">Kil\u00e9p\u00e9si Nyilatkozat<\/a><\/strong><\/li>\n\n\n\n<li style=\"font-size:22px\"><strong><a href=\"https:\/\/moikk.hu\/wp-content\/uploads\/2023\/01\/3mKit\u00fcntSzab-2022.pdf\">Kit\u00fcntet\u00e9sek, d\u00edjak, c\u00edmek adom\u00e1nyoz\u00e1s\u00e1nak a szab\u00e1lyzata<\/a><\/strong><\/li>\n<\/ol>\n\n\n\n<p><\/p>\n","protected":false},"excerpt":{"rendered":"<p>Mell\u00e9kletek:<\/p>\n","protected":false},"author":2,"featured_media":0,"parent":0,"menu_order":0,"comment_status":"closed","ping_status":"closed","template":"","meta":{"footnotes":""},"class_list":["post-48","page","type-page","status-publish","hentry"],"_links":{"self":[{"href":"https:\/\/moikk.hu\/index.php\/wp-json\/wp\/v2\/pages\/48","targetHints":{"allow":["GET"]}}],"collection":[{"href":"https:\/\/moikk.hu\/index.php\/wp-json\/wp\/v2\/pages"}],"about":[{"href":"https:\/\/moikk.hu\/index.php\/wp-json\/wp\/v2\/types\/page"}],"author":[{"embeddable":true,"href":"https:\/\/moikk.hu\/index.php\/wp-json\/wp\/v2\/users\/2"}],"replies":[{"embeddable":true,"href":"https:\/\/moikk.hu\/index.php\/wp-json\/wp\/v2\/comments?post=48"}],"version-history":[{"count":11,"href":"https:\/\/moikk.hu\/index.php\/wp-json\/wp\/v2\/pages\/48\/revisions"}],"predecessor-version":[{"id":3435,"href":"https:\/\/moikk.hu\/index.php\/wp-json\/wp\/v2\/pages\/48\/revisions\/3435"}],"wp:attachment":[{"href":"https:\/\/moikk.hu\/index.php\/wp-json\/wp\/v2\/media?parent=48"}],"curies":[{"name":"wp","href":"https:\/\/api.w.org\/{rel}","templated":true}]}}