{"id":469,"date":"2021-05-07T07:40:05","date_gmt":"2021-05-07T07:40:05","guid":{"rendered":"https:\/\/moikk.hu\/?page_id=469"},"modified":"2021-05-07T08:05:57","modified_gmt":"2021-05-07T08:05:57","slug":"2006-antologia","status":"publish","type":"page","link":"https:\/\/moikk.hu\/index.php\/2006-antologia\/","title":{"rendered":"2006 -Antol\u00f3gia"},"content":{"rendered":"\n<p><strong>Eml\u00e9kez\u00e9s \u2013 MOKK antol\u00f3gia<\/strong><\/p>\n\n\n\n<p>Dr. Fodor Etelka (szerkeszt\u0151): Eml\u00e9kez\u00e9s (1956-2006).<\/p>\n\n\n\n<p>Antal\u00f3gia a Magyar Orvos\u00edr\u00f3k \u00e9s K\u00e9pz\u0151m\u0171v\u00e9szek K\u00f6re <strong>2006. szeptember 8-10.<\/strong> k\u00f6z\u00f6tt Balatonlell\u00e9n megrendezett \u00f6sszej\u00f6vetel\u00e9r\u0151l. DZL-Kiad\u00f3, 2006. 143&#215;205 mm, f\u0171zve, 184 oldal \u00e9s 6+1 oldal mell\u00e9klet 31 sz\u00ednes alkot\u00e1ssal.<\/p>\n\n\n\n<p>ISBN: 963 03 9778 1.<\/p>\n\n\n\n<p>A k\u00f6nyv c\u00edme arra utal, hogy szerz\u0151i t\u00f6bbek k\u00f6z\u00f6tt 1956-ra is eml\u00e9keznek. A kiadv\u00e1ny Hankiss J\u00e1nos \u201eEln\u00f6ki megnyit\u00f3\u201c-j\u00e1val kezd\u0151dik \u00e9s a \u201eZ\u00e1rsz\u00f3\u201c-t is \u0151 \u00edrta, k\u00f6zben 40 f\u0151k\u00e9nt orvos-, \u00e1llatorvos- \u00e9s gy\u00f3gyszer\u00e9sz-szerz\u0151 remekm\u0171ve olvashat\u00f3. Az els\u0151 \u00edr\u00e1sok az 1956-os forradalmi esem\u00e9nyek budapesti, k\u00e1rp\u00e1taljai, marosv\u00e1s\u00e1rhelyi \u00e9s m\u00e1s rom\u00e1niai epiz\u00f3djait ismertetik sz\u00ednesen; m\u00e1sok az I. vil\u00e1gh\u00e1bor\u00fa, a k\u00f6rnyezetv\u00e9delem, Kozma \u00e9s Damj\u00e1n, Szt\u00e1linv\u00e1ros \u00e9s egy 1959-es szegedi gy\u00f3gyszer\u00e9sz g\u00f3lyab\u00e1l t\u00f6rt\u00e9net\u00e9t \u00edrt\u00e1k meg, mesterfokon, nagy-nagy \u00e1t\u00e9l\u00e9ssel. A szerz\u0151k t\u00f6bb mint fele term\u00e9szetesen orvos, \u00e1m van k\u00f6z\u00f6tt\u00fck \u00e1llatorvos, nem-eg\u00e9szs\u00e9g\u00fcgyi alkot\u00f3, s\u0151t gy\u00f3gyszer\u00e9sz is, nevezetesen dr. Incze L\u00e1szl\u00f3 somogys\u00e1msoni koll\u00e9g\u00e1nk, aki ez\u00fattal is h\u00e9t sz\u00e9p k\u00f6ltem\u00e9nnyel gazdag\u00edtotta a kiadv\u00e1nyt. Az \u00edr\u00e1sok z\u00f6me term\u00e9szetesen pr\u00f3za, \u00e1m a k\u00f6nyv 60-n\u00e1l t\u00f6bb hosszabb-r\u00f6videbb verset is tartalmaz. A Magyar Orvos\u00edr\u00f3k \u00e9s K\u00e9pz\u0151m\u0171v\u00e9szek K\u00f6r\u00e9nek (MOKK) mintegy 100-120 f\u0151s magja Hankiss J\u00e1nos szerint \u201ekem\u00e9nyen \u00e1llja a sarat\u201d \u00e9s n\u00e9h\u00e1ny napra minden \u00e9v szeptember\u00e9ben \u00f6sszej\u00f6nnek, hogy irodalmi \u00e9s sz\u00ednes alkot\u00e1saikkal hivat\u00e1suk remek \u201emell\u00e9kterm\u00e9keivel\u201d egym\u00e1st meg\u00f6rvendeztess\u00e9k, ill. hogy k\u00f6nyv form\u00e1j\u00e1ban a nagy\u00e9rdem\u0171 olvas\u00f3t\u00e1bor \u00f6r\u00f6m\u00e9t szolg\u00e1lj\u00e1k.<\/p>\n\n\n\n<p>Dr. Kata Mih\u00e1ly<\/p>\n\n\n\n<p>Forr\u00e1s: <a href=\"https:\/\/www.mgyt.hu\/images\/gyogyszereszet\/2008\/Gyogyszereszet-2008-02.pdf\">https:\/\/www.mgyt.hu\/images\/gyogyszereszet\/2008\/Gyogyszereszet-2008-02.pdf<\/a><\/p>\n","protected":false},"excerpt":{"rendered":"<p>Eml\u00e9kez\u00e9s \u2013 MOKK antol\u00f3gia Dr. Fodor Etelka (szerkeszt\u0151): Eml\u00e9kez\u00e9s (1956-2006). Antal\u00f3gia a Magyar Orvos\u00edr\u00f3k \u00e9s K\u00e9pz\u0151m\u0171v\u00e9szek K\u00f6re 2006. szeptember 8-10. k\u00f6z\u00f6tt Balatonlell\u00e9n megrendezett \u00f6sszej\u00f6vetel\u00e9r\u0151l. DZL-Kiad\u00f3, 2006. 143&#215;205 mm, f\u0171zve, 184 oldal \u00e9s&#8230;<\/p>\n","protected":false},"author":1,"featured_media":0,"parent":0,"menu_order":0,"comment_status":"closed","ping_status":"closed","template":"","meta":{"footnotes":""},"class_list":["post-469","page","type-page","status-publish","hentry"],"_links":{"self":[{"href":"https:\/\/moikk.hu\/index.php\/wp-json\/wp\/v2\/pages\/469","targetHints":{"allow":["GET"]}}],"collection":[{"href":"https:\/\/moikk.hu\/index.php\/wp-json\/wp\/v2\/pages"}],"about":[{"href":"https:\/\/moikk.hu\/index.php\/wp-json\/wp\/v2\/types\/page"}],"author":[{"embeddable":true,"href":"https:\/\/moikk.hu\/index.php\/wp-json\/wp\/v2\/users\/1"}],"replies":[{"embeddable":true,"href":"https:\/\/moikk.hu\/index.php\/wp-json\/wp\/v2\/comments?post=469"}],"version-history":[{"count":4,"href":"https:\/\/moikk.hu\/index.php\/wp-json\/wp\/v2\/pages\/469\/revisions"}],"predecessor-version":[{"id":493,"href":"https:\/\/moikk.hu\/index.php\/wp-json\/wp\/v2\/pages\/469\/revisions\/493"}],"wp:attachment":[{"href":"https:\/\/moikk.hu\/index.php\/wp-json\/wp\/v2\/media?parent=469"}],"curies":[{"name":"wp","href":"https:\/\/api.w.org\/{rel}","templated":true}]}}

2006 -Antológia

<p><strong>Emlékezés – MOKK antológia</strong></p>



<p>Dr. Fodor Etelka (szerkesztő): Emlékezés (1956-2006).</p>



<p>Antalógia a Magyar Orvosírók és Képzőművészek Köre <strong>2006. szeptember 8-10.</strong> között Balatonlellén megrendezett összejöveteléről. DZL-Kiadó, 2006. 143&#215;205 mm, fűzve, 184 oldal és 6+1 oldal melléklet 31 színes alkotással.</p>



<p>ISBN: 963 03 9778 1.</p>



<p>A könyv címe arra utal, hogy szerzői többek között 1956-ra is emlékeznek. A kiadvány Hankiss János „Elnöki megnyitó“-jával kezdődik és a „Zárszó“-t is ő írta, közben 40 főként orvos-, állatorvos- és gyógyszerész-szerző remekműve olvasható. Az első írások az 1956-os forradalmi események budapesti, kárpátaljai, marosvásárhelyi és más romániai epizódjait ismertetik színesen; mások az I. világháború, a környezetvédelem, Kozma és Damján, Sztálinváros és egy 1959-es szegedi gyógyszerész gólyabál történetét írták meg, mesterfokon, nagy-nagy átéléssel. A szerzők több mint fele természetesen orvos, ám van közöttük állatorvos, nem-egészségügyi alkotó, sőt gyógyszerész is, nevezetesen dr. Incze László somogysámsoni kollégánk, aki ezúttal is hét szép költeménnyel gazdagította a kiadványt. Az írások zöme természetesen próza, ám a könyv 60-nál több hosszabb-rövidebb verset is tartalmaz. A Magyar Orvosírók és Képzőművészek Körének (MOKK) mintegy 100-120 fős magja Hankiss János szerint „keményen állja a sarat” és néhány napra minden év szeptemberében összejönnek, hogy irodalmi és színes alkotásaikkal hivatásuk remek „melléktermékeivel” egymást megörvendeztessék, ill. hogy könyv formájában a nagyérdemű olvasótábor örömét szolgálják.</p>



<p>Dr. Kata Mihály</p>



<p>Forrás: <a href="https://www.mgyt.hu/images/gyogyszereszet/2008/Gyogyszereszet-2008-02.pdf">https://www.mgyt.hu/images/gyogyszereszet/2008/Gyogyszereszet-2008-02.pdf</a></p>

<p>Emlékezés – MOKK antológia Dr. Fodor Etelka (szerkesztő): Emlékezés (1956-2006). Antalógia a Magyar Orvosírók és Képzőművészek Köre 2006. szeptember 8-10. között Balatonlellén megrendezett összejöveteléről. DZL-Kiadó, 2006. 143&#215;205 mm, fűzve, 184 oldal és&#8230;</p>
