{"id":466,"date":"2021-05-07T07:39:27","date_gmt":"2021-05-07T07:39:27","guid":{"rendered":"https:\/\/moikk.hu\/?page_id=466"},"modified":"2021-05-07T07:58:43","modified_gmt":"2021-05-07T07:58:43","slug":"2008-antologia","status":"publish","type":"page","link":"https:\/\/moikk.hu\/index.php\/2008-antologia\/","title":{"rendered":"2008 &#8211; Antol\u00f3gia"},"content":{"rendered":"\n<p><strong>T\u00dcK\u00d6RK\u00c9PEINK<\/strong><\/p>\n\n\n\n<p>Dr. Fodor Etelka (szerkeszt\u0151): T\u00fck\u00f6rk\u00e9peink, MOKK-Antal\u00f3gia, a Magyar Orvos\u00edr\u00f3k \u00e9s K\u00e9pz\u0151m\u0171v\u00e9szek K\u00f6r\u00e9nek kiadv\u00e1nya, DZL Kiad\u00f3, 2008, 203&#215;144 mm, k\u00f6tve, 144 oldal, tov\u00e1bbi 12 oldal sz\u00ednes reprodukci\u00f3kkal. (Kb. 300 p\u00e9ld\u00e1ny. Nincs kereskedelmi forgalomban. Tiszteletp\u00e9ld\u00e1ny korl\u00e1tozott sz\u00e1mban a Szerz\u0151kt\u0151l k\u00e9rhet\u0151).<\/p>\n\n\n\n<p>ISBN 978 963 8415 09 7.<\/p>\n\n\n\n<p>A k\u00f6tet a 2007. szeptember 7- 9. k\u00f6z\u00f6tt Balatonlell\u00e9n megrendezett 32. MOKK Kongresszus 34 szerz\u0151j\u00e9nek \u00edr\u00e1sait \u00e9s k\u00f6ltem\u00e9nyeit, ill. k\u00e9pz\u0151m\u0171v\u00e9szeti alkot\u00e1sainak reprodukci\u00f3j\u00e1t tartalmazza. Az \u00f6ssze\u00e1ll\u00edt\u00e1s ez\u00fattal is Hankiss J\u00e1nos Eln\u00f6ki megnyit\u00f3j\u00e1val indul \u00e9s a Z\u00e1rsz\u00f3 is az \u0151 munk\u00e1ja. A k\u00f6nyvben komoly \u00e9s vid\u00e1m irodalmi alkot\u00e1sok v\u00e1ltakoznak; z\u00f6m\u00fck term\u00e9szetesen kapcsol\u00f3dik az eg\u00e9szs\u00e9g\u00fcgyh\u00f6z, ezen bel\u00fcl az orvosi tev\u00e9kenys\u00e9ghez. T\u00e9m\u00e1juk fel\u00f6leli a viharos XX. sz\u00e1zad f\u0151bb jellemz\u0151it \u00e9s esem\u00e9nyeit, nem mindennapi t\u00f6rt\u00e9neteket, egy-egy orvos-csal\u00e1d \u00e9rdekes sztorijait, az \u00f6reged\u0151 kor nagyon is emberi gondjait, v\u00e1ratlan fordulatokat, Manil\u00e1ban \u00e1t\u00e9lt orvosi tapasztalatokat, szerencs\u00e9s t\u00f6rt\u00e9neteket stb. \u00e9s csaknem 30 festm\u00e9ny \u00e9s szobor sz\u00ednes reprodukci\u00f3j\u00e1t. Szerz\u0151i t\u00f6bbs\u00e9ge m\u00e1r nyugd\u00edjas vagy nagy tapasztalattal rendelkez\u0151 akt\u00edv dolgoz\u00f3, akik \u00e9ppen emiatt tiszteletre m\u00e9lt\u00f3 b\u00f6lcsess\u00e9ggel tekintenek vissza munk\u00e1s \u00e9s alkot\u00f3 \u00e9vtizedeikre. K\u00f6z\u00fcl\u00fck kiemelem dr. Incze L\u00e1szl\u00f3 somogys\u00e1msoni szem\u00e9lyi jogos koll\u00e9g\u00e1nk t\u00edz k\u00f6ltem\u00e9ny\u00e9t. V\u00e9g\u00fcl a kiadv\u00e1ny val\u00f3ban j\u00f3 sz\u00edvvel aj\u00e1nlhat\u00f3 mindazoknak, akik \u00e9rdekl\u0151dnek mind az eg\u00e9szs\u00e9g\u00fcgy gondjai, mind az ilyen k\u00f6r\u00fclm\u00e9nyek k\u00f6z\u00f6tt keletkezett irodalmi \u00e9s m\u00fbv\u00e9szeti alkot\u00e1sok ir\u00e1nt.<\/p>\n\n\n\n<p>Dr. Kata Mih\u00e1ly<\/p>\n\n\n\n<p>Forr\u00e1s: <a href=\"https:\/\/www.mgyt.hu\/images\/gyogyszereszet\/2008\/Gyogyszereszet-2008-12.pdf\">https:\/\/www.mgyt.hu\/images\/gyogyszereszet\/2008\/Gyogyszereszet-2008-12.pdf<\/a><\/p>\n","protected":false},"excerpt":{"rendered":"<p>T\u00dcK\u00d6RK\u00c9PEINK Dr. Fodor Etelka (szerkeszt\u0151): T\u00fck\u00f6rk\u00e9peink, MOKK-Antal\u00f3gia, a Magyar Orvos\u00edr\u00f3k \u00e9s K\u00e9pz\u0151m\u0171v\u00e9szek K\u00f6r\u00e9nek kiadv\u00e1nya, DZL Kiad\u00f3, 2008, 203&#215;144 mm, k\u00f6tve, 144 oldal, tov\u00e1bbi 12 oldal sz\u00ednes reprodukci\u00f3kkal. (Kb. 300 p\u00e9ld\u00e1ny. Nincs kereskedelmi&#8230;<\/p>\n","protected":false},"author":1,"featured_media":0,"parent":0,"menu_order":0,"comment_status":"closed","ping_status":"closed","template":"","meta":{"footnotes":""},"class_list":["post-466","page","type-page","status-publish","hentry"],"_links":{"self":[{"href":"https:\/\/moikk.hu\/index.php\/wp-json\/wp\/v2\/pages\/466","targetHints":{"allow":["GET"]}}],"collection":[{"href":"https:\/\/moikk.hu\/index.php\/wp-json\/wp\/v2\/pages"}],"about":[{"href":"https:\/\/moikk.hu\/index.php\/wp-json\/wp\/v2\/types\/page"}],"author":[{"embeddable":true,"href":"https:\/\/moikk.hu\/index.php\/wp-json\/wp\/v2\/users\/1"}],"replies":[{"embeddable":true,"href":"https:\/\/moikk.hu\/index.php\/wp-json\/wp\/v2\/comments?post=466"}],"version-history":[{"count":4,"href":"https:\/\/moikk.hu\/index.php\/wp-json\/wp\/v2\/pages\/466\/revisions"}],"predecessor-version":[{"id":490,"href":"https:\/\/moikk.hu\/index.php\/wp-json\/wp\/v2\/pages\/466\/revisions\/490"}],"wp:attachment":[{"href":"https:\/\/moikk.hu\/index.php\/wp-json\/wp\/v2\/media?parent=466"}],"curies":[{"name":"wp","href":"https:\/\/api.w.org\/{rel}","templated":true}]}}