{"id":405,"date":"2021-05-02T09:58:16","date_gmt":"2021-05-02T09:58:16","guid":{"rendered":"https:\/\/moikk.hu\/?page_id=405"},"modified":"2026-02-12T10:08:43","modified_gmt":"2026-02-12T10:08:43","slug":"eddig-antologia","status":"publish","type":"page","link":"https:\/\/moikk.hu\/index.php\/eddig-antologia\/","title":{"rendered":"\u00c9ves Antol\u00f3gi\u00e1k"},"content":{"rendered":"\n<p style=\"font-size:25px\"><br><strong>Az antol\u00f3gi\u00e1k az \u00e9vente megrendez\u00e9sre ker\u00fcl\u0151 MO\u00cdKK konferenci\u00e1n bemutatott m\u0171veket tartalmazz\u00e1k.<\/strong><\/p>\n\n\n\n<ul class=\"wp-block-list\">\n<li style=\"font-size:22px\"><a href=\"https:\/\/moikk.hu\/index.php\/antologiak-2020-tol\/\">Antol\u00f3gi\u00e1k 2020-t\u00f3l<\/a><\/li>\n<\/ul>\n\n\n\n<ul class=\"wp-block-list\">\n<li style=\"font-size:22px\"><a href=\"https:\/\/moikk.hu\/index.php\/a-2019-ig-megjelent-antologiak\/\">A 2019-ig megjelent antol\u00f3gi\u00e1k<\/a><\/li>\n<\/ul>\n\n\n\n<p><\/p>\n\n\n\n<p><\/p>\n","protected":false},"excerpt":{"rendered":"<p>Az antol\u00f3gi\u00e1k az \u00e9vente megrendez\u00e9sre ker\u00fcl\u0151 MO\u00cdKK konferenci\u00e1n bemutatott m\u0171veket tartalmazz\u00e1k.<\/p>\n","protected":false},"author":1,"featured_media":0,"parent":0,"menu_order":0,"comment_status":"closed","ping_status":"closed","template":"","meta":{"footnotes":""},"class_list":["post-405","page","type-page","status-publish","hentry"],"_links":{"self":[{"href":"https:\/\/moikk.hu\/index.php\/wp-json\/wp\/v2\/pages\/405","targetHints":{"allow":["GET"]}}],"collection":[{"href":"https:\/\/moikk.hu\/index.php\/wp-json\/wp\/v2\/pages"}],"about":[{"href":"https:\/\/moikk.hu\/index.php\/wp-json\/wp\/v2\/types\/page"}],"author":[{"embeddable":true,"href":"https:\/\/moikk.hu\/index.php\/wp-json\/wp\/v2\/users\/1"}],"replies":[{"embeddable":true,"href":"https:\/\/moikk.hu\/index.php\/wp-json\/wp\/v2\/comments?post=405"}],"version-history":[{"count":6,"href":"https:\/\/moikk.hu\/index.php\/wp-json\/wp\/v2\/pages\/405\/revisions"}],"predecessor-version":[{"id":3502,"href":"https:\/\/moikk.hu\/index.php\/wp-json\/wp\/v2\/pages\/405\/revisions\/3502"}],"wp:attachment":[{"href":"https:\/\/moikk.hu\/index.php\/wp-json\/wp\/v2\/media?parent=405"}],"curies":[{"name":"wp","href":"https:\/\/api.w.org\/{rel}","templated":true}]}}