{"id":3133,"date":"2024-03-19T10:08:20","date_gmt":"2024-03-19T10:08:20","guid":{"rendered":"https:\/\/moikk.hu\/?page_id=3133"},"modified":"2024-03-19T10:15:26","modified_gmt":"2024-03-19T10:15:26","slug":"2023-szeptember-8-10-vac","status":"publish","type":"page","link":"https:\/\/moikk.hu\/index.php\/2023-szeptember-8-10-vac\/","title":{"rendered":"2023. szeptember 8 -10. V\u00e1c"},"content":{"rendered":"\n<p style=\"font-size:40px\"><strong>A MO\u00cdKK 4<\/strong><strong>8<\/strong><strong>. konferenci\u00e1ja<\/strong><\/p>\n\n\n\n<p>(Az al\u00e1h\u00fazott c\u00edmekre<em>&nbsp;<\/em><em>kattintva megtekinthet\u0151 a programpont n\u00e9h\u00e1ny fot\u00f3ja.)<\/em><\/p>\n\n\n\n<ul class=\"wp-block-list\">\n<li style=\"font-size:26px\"><strong><a href=\"https:\/\/moikk.hu\/wp-content\/uploads\/2024\/03\/23Megnyito.pdf\">Megnyit\u00f3<\/a><\/strong><\/li>\n<\/ul>\n\n\n\n<ul class=\"wp-block-list\">\n<li style=\"font-size:26px\"><strong>Kit\u00fcntet\u00e9sek<\/strong>\n<ul class=\"wp-block-list\">\n<li><a href=\"https:\/\/moikk.hu\/wp-content\/uploads\/2024\/03\/23Eletm\u00fc.pdf\">\u00c9letm\u0171d\u00edjasok<\/a><\/li>\n\n\n\n<li><a href=\"https:\/\/moikk.hu\/wp-content\/uploads\/2024\/03\/23Fidius.pdf\">Fidius d\u00edjasok<\/a><\/li>\n\n\n\n<li><a href=\"https:\/\/moikk.hu\/wp-content\/uploads\/2024\/03\/23\u00d6rtag.pdf\">\u00d6r\u00f6k\u00f6s tag kit\u00fcntet\u00e9s<\/a><\/li>\n\n\n\n<li><a href=\"https:\/\/moikk.hu\/wp-content\/uploads\/2024\/03\/23Egyeb-cim.pdf\">Egy\u00e9b kit\u00fcntet\u00e9s<\/a><\/li>\n<\/ul>\n<\/li>\n<\/ul>\n","protected":false},"excerpt":{"rendered":"<p>A MO\u00cdKK 48. konferenci\u00e1ja (Az al\u00e1h\u00fazott c\u00edmekre&nbsp;kattintva megtekinthet\u0151 a programpont n\u00e9h\u00e1ny fot\u00f3ja.)<\/p>\n","protected":false},"author":1,"featured_media":0,"parent":0,"menu_order":0,"comment_status":"closed","ping_status":"closed","template":"","meta":{"footnotes":""},"class_list":["post-3133","page","type-page","status-publish","hentry"],"_links":{"self":[{"href":"https:\/\/moikk.hu\/index.php\/wp-json\/wp\/v2\/pages\/3133","targetHints":{"allow":["GET"]}}],"collection":[{"href":"https:\/\/moikk.hu\/index.php\/wp-json\/wp\/v2\/pages"}],"about":[{"href":"https:\/\/moikk.hu\/index.php\/wp-json\/wp\/v2\/types\/page"}],"author":[{"embeddable":true,"href":"https:\/\/moikk.hu\/index.php\/wp-json\/wp\/v2\/users\/1"}],"replies":[{"embeddable":true,"href":"https:\/\/moikk.hu\/index.php\/wp-json\/wp\/v2\/comments?post=3133"}],"version-history":[{"count":2,"href":"https:\/\/moikk.hu\/index.php\/wp-json\/wp\/v2\/pages\/3133\/revisions"}],"predecessor-version":[{"id":3139,"href":"https:\/\/moikk.hu\/index.php\/wp-json\/wp\/v2\/pages\/3133\/revisions\/3139"}],"wp:attachment":[{"href":"https:\/\/moikk.hu\/index.php\/wp-json\/wp\/v2\/media?parent=3133"}],"curies":[{"name":"wp","href":"https:\/\/api.w.org\/{rel}","templated":true}]}}