{"id":2511,"date":"2023-01-31T08:40:57","date_gmt":"2023-01-31T08:40:57","guid":{"rendered":"https:\/\/moikk.hu\/?page_id=2511"},"modified":"2023-01-31T09:05:25","modified_gmt":"2023-01-31T09:05:25","slug":"dr-regula-ildiko","status":"publish","type":"page","link":"https:\/\/moikk.hu\/index.php\/dr-regula-ildiko\/","title":{"rendered":"Dr. Regula Ildik\u00f3"},"content":{"rendered":"\n<p style=\"font-size:26px\"><strong>Felt\u00e9ve 2023 janu\u00e1rj\u00e1ban:<\/strong><\/p>\n\n\n\n<figure class=\"wp-block-image size-large is-style-default\"><img loading=\"lazy\" decoding=\"async\" width=\"1024\" height=\"728\" src=\"https:\/\/moikk.hu\/wp-content\/uploads\/2023\/01\/A-vas-es-acel-orszaga-voltunk...textil-45x60-cm-1024x728.jpg\" alt=\"\" class=\"wp-image-2513\" srcset=\"https:\/\/moikk.hu\/wp-content\/uploads\/2023\/01\/A-vas-es-acel-orszaga-voltunk...textil-45x60-cm-1024x728.jpg 1024w, https:\/\/moikk.hu\/wp-content\/uploads\/2023\/01\/A-vas-es-acel-orszaga-voltunk...textil-45x60-cm-300x213.jpg 300w, https:\/\/moikk.hu\/wp-content\/uploads\/2023\/01\/A-vas-es-acel-orszaga-voltunk...textil-45x60-cm-768x546.jpg 768w, https:\/\/moikk.hu\/wp-content\/uploads\/2023\/01\/A-vas-es-acel-orszaga-voltunk...textil-45x60-cm-1536x1092.jpg 1536w, https:\/\/moikk.hu\/wp-content\/uploads\/2023\/01\/A-vas-es-acel-orszaga-voltunk...textil-45x60-cm-2048x1456.jpg 2048w, https:\/\/moikk.hu\/wp-content\/uploads\/2023\/01\/A-vas-es-acel-orszaga-voltunk...textil-45x60-cm-850x604.jpg 850w\" sizes=\"auto, (max-width: 1024px) 100vw, 1024px\" \/><figcaption class=\"wp-element-caption\"><strong>A vas \u00e9s ac\u00e9l orsz\u00e1ga voltunk<\/strong><\/figcaption><\/figure>\n\n\n\n<figure class=\"wp-block-image size-large is-style-default\"><img loading=\"lazy\" decoding=\"async\" width=\"1024\" height=\"738\" src=\"https:\/\/moikk.hu\/wp-content\/uploads\/2023\/01\/Apokalipszis-textil-83x60-cm-1024x738.jpg\" alt=\"\" class=\"wp-image-2515\" srcset=\"https:\/\/moikk.hu\/wp-content\/uploads\/2023\/01\/Apokalipszis-textil-83x60-cm-1024x738.jpg 1024w, https:\/\/moikk.hu\/wp-content\/uploads\/2023\/01\/Apokalipszis-textil-83x60-cm-300x216.jpg 300w, https:\/\/moikk.hu\/wp-content\/uploads\/2023\/01\/Apokalipszis-textil-83x60-cm-768x553.jpg 768w, https:\/\/moikk.hu\/wp-content\/uploads\/2023\/01\/Apokalipszis-textil-83x60-cm-1536x1106.jpg 1536w, https:\/\/moikk.hu\/wp-content\/uploads\/2023\/01\/Apokalipszis-textil-83x60-cm-2048x1475.jpg 2048w, https:\/\/moikk.hu\/wp-content\/uploads\/2023\/01\/Apokalipszis-textil-83x60-cm-850x612.jpg 850w\" sizes=\"auto, (max-width: 1024px) 100vw, 1024px\" \/><figcaption class=\"wp-element-caption\"><strong>Apokalipszis<\/strong><\/figcaption><\/figure>\n\n\n\n<figure class=\"wp-block-image size-large is-style-default\"><img loading=\"lazy\" decoding=\"async\" width=\"1024\" height=\"962\" src=\"https:\/\/moikk.hu\/wp-content\/uploads\/2023\/01\/Egymasra-utalva-textil100x100-cm-1024x962.jpg\" alt=\"\" class=\"wp-image-2516\" srcset=\"https:\/\/moikk.hu\/wp-content\/uploads\/2023\/01\/Egymasra-utalva-textil100x100-cm-1024x962.jpg 1024w, https:\/\/moikk.hu\/wp-content\/uploads\/2023\/01\/Egymasra-utalva-textil100x100-cm-300x282.jpg 300w, https:\/\/moikk.hu\/wp-content\/uploads\/2023\/01\/Egymasra-utalva-textil100x100-cm-768x722.jpg 768w, https:\/\/moikk.hu\/wp-content\/uploads\/2023\/01\/Egymasra-utalva-textil100x100-cm-1536x1444.jpg 1536w, https:\/\/moikk.hu\/wp-content\/uploads\/2023\/01\/Egymasra-utalva-textil100x100-cm-2048x1925.jpg 2048w, https:\/\/moikk.hu\/wp-content\/uploads\/2023\/01\/Egymasra-utalva-textil100x100-cm-850x799.jpg 850w\" sizes=\"auto, (max-width: 1024px) 100vw, 1024px\" \/><figcaption class=\"wp-element-caption\"><strong>Egym\u00e1sra utalva<\/strong><\/figcaption><\/figure>\n\n\n\n<figure class=\"wp-block-image size-large is-style-default\"><img loading=\"lazy\" decoding=\"async\" width=\"1024\" height=\"768\" src=\"https:\/\/moikk.hu\/wp-content\/uploads\/2023\/01\/IMG_20230130_081929-1024x768.jpg\" alt=\"\" class=\"wp-image-2517\" srcset=\"https:\/\/moikk.hu\/wp-content\/uploads\/2023\/01\/IMG_20230130_081929-1024x768.jpg 1024w, https:\/\/moikk.hu\/wp-content\/uploads\/2023\/01\/IMG_20230130_081929-300x225.jpg 300w, https:\/\/moikk.hu\/wp-content\/uploads\/2023\/01\/IMG_20230130_081929-768x576.jpg 768w, https:\/\/moikk.hu\/wp-content\/uploads\/2023\/01\/IMG_20230130_081929-1536x1152.jpg 1536w, https:\/\/moikk.hu\/wp-content\/uploads\/2023\/01\/IMG_20230130_081929-2048x1536.jpg 2048w, https:\/\/moikk.hu\/wp-content\/uploads\/2023\/01\/IMG_20230130_081929-850x638.jpg 850w\" sizes=\"auto, (max-width: 1024px) 100vw, 1024px\" \/><figcaption class=\"wp-element-caption\"><strong>\u00dasz\u00f3 lampionok<\/strong><\/figcaption><\/figure>\n\n\n\n<figure class=\"wp-block-image size-full is-style-default\"><img loading=\"lazy\" decoding=\"async\" width=\"721\" height=\"939\" src=\"https:\/\/moikk.hu\/wp-content\/uploads\/2023\/01\/Motivumok-a-polcomrol-textil-45x59-cm.jpg\" alt=\"\" class=\"wp-image-2518\" srcset=\"https:\/\/moikk.hu\/wp-content\/uploads\/2023\/01\/Motivumok-a-polcomrol-textil-45x59-cm.jpg 721w, https:\/\/moikk.hu\/wp-content\/uploads\/2023\/01\/Motivumok-a-polcomrol-textil-45x59-cm-230x300.jpg 230w, https:\/\/moikk.hu\/wp-content\/uploads\/2023\/01\/Motivumok-a-polcomrol-textil-45x59-cm-300x391.jpg 300w\" sizes=\"auto, (max-width: 721px) 100vw, 721px\" \/><figcaption class=\"wp-element-caption\"><strong>Mot\u00edvumok a polcomr\u00f3l<\/strong><\/figcaption><\/figure>\n\n\n\n<p><\/p>\n","protected":false},"excerpt":{"rendered":"<p>Felt\u00e9ve 2023 janu\u00e1rj\u00e1ban:<\/p>\n","protected":false},"author":1,"featured_media":0,"parent":0,"menu_order":0,"comment_status":"closed","ping_status":"closed","template":"","meta":{"footnotes":""},"class_list":["post-2511","page","type-page","status-publish","hentry"],"_links":{"self":[{"href":"https:\/\/moikk.hu\/index.php\/wp-json\/wp\/v2\/pages\/2511","targetHints":{"allow":["GET"]}}],"collection":[{"href":"https:\/\/moikk.hu\/index.php\/wp-json\/wp\/v2\/pages"}],"about":[{"href":"https:\/\/moikk.hu\/index.php\/wp-json\/wp\/v2\/types\/page"}],"author":[{"embeddable":true,"href":"https:\/\/moikk.hu\/index.php\/wp-json\/wp\/v2\/users\/1"}],"replies":[{"embeddable":true,"href":"https:\/\/moikk.hu\/index.php\/wp-json\/wp\/v2\/comments?post=2511"}],"version-history":[{"count":4,"href":"https:\/\/moikk.hu\/index.php\/wp-json\/wp\/v2\/pages\/2511\/revisions"}],"predecessor-version":[{"id":2523,"href":"https:\/\/moikk.hu\/index.php\/wp-json\/wp\/v2\/pages\/2511\/revisions\/2523"}],"wp:attachment":[{"href":"https:\/\/moikk.hu\/index.php\/wp-json\/wp\/v2\/media?parent=2511"}],"curies":[{"name":"wp","href":"https:\/\/api.w.org\/{rel}","templated":true}]}}

Dr. Regula Ildikó

<p style="font-size:26px"><strong>Feltéve 2023 januárjában:</strong></p>



<figure class="wp-block-image size-large is-style-default"><img loading="lazy" decoding="async" width="1024" height="728" src="https://moikk.hu/wp-content/uploads/2023/01/A-vas-es-acel-orszaga-voltunk...textil-45x60-cm-1024x728.jpg" alt="" class="wp-image-2513" srcset="https://moikk.hu/wp-content/uploads/2023/01/A-vas-es-acel-orszaga-voltunk...textil-45x60-cm-1024x728.jpg 1024w, https://moikk.hu/wp-content/uploads/2023/01/A-vas-es-acel-orszaga-voltunk...textil-45x60-cm-300x213.jpg 300w, https://moikk.hu/wp-content/uploads/2023/01/A-vas-es-acel-orszaga-voltunk...textil-45x60-cm-768x546.jpg 768w, https://moikk.hu/wp-content/uploads/2023/01/A-vas-es-acel-orszaga-voltunk...textil-45x60-cm-1536x1092.jpg 1536w, https://moikk.hu/wp-content/uploads/2023/01/A-vas-es-acel-orszaga-voltunk...textil-45x60-cm-2048x1456.jpg 2048w, https://moikk.hu/wp-content/uploads/2023/01/A-vas-es-acel-orszaga-voltunk...textil-45x60-cm-850x604.jpg 850w" sizes="auto, (max-width: 1024px) 100vw, 1024px" /><figcaption class="wp-element-caption"><strong>A vas és acél országa voltunk</strong></figcaption></figure>



<figure class="wp-block-image size-large is-style-default"><img loading="lazy" decoding="async" width="1024" height="738" src="https://moikk.hu/wp-content/uploads/2023/01/Apokalipszis-textil-83x60-cm-1024x738.jpg" alt="" class="wp-image-2515" srcset="https://moikk.hu/wp-content/uploads/2023/01/Apokalipszis-textil-83x60-cm-1024x738.jpg 1024w, https://moikk.hu/wp-content/uploads/2023/01/Apokalipszis-textil-83x60-cm-300x216.jpg 300w, https://moikk.hu/wp-content/uploads/2023/01/Apokalipszis-textil-83x60-cm-768x553.jpg 768w, https://moikk.hu/wp-content/uploads/2023/01/Apokalipszis-textil-83x60-cm-1536x1106.jpg 1536w, https://moikk.hu/wp-content/uploads/2023/01/Apokalipszis-textil-83x60-cm-2048x1475.jpg 2048w, https://moikk.hu/wp-content/uploads/2023/01/Apokalipszis-textil-83x60-cm-850x612.jpg 850w" sizes="auto, (max-width: 1024px) 100vw, 1024px" /><figcaption class="wp-element-caption"><strong>Apokalipszis</strong></figcaption></figure>



<figure class="wp-block-image size-large is-style-default"><img loading="lazy" decoding="async" width="1024" height="962" src="https://moikk.hu/wp-content/uploads/2023/01/Egymasra-utalva-textil100x100-cm-1024x962.jpg" alt="" class="wp-image-2516" srcset="https://moikk.hu/wp-content/uploads/2023/01/Egymasra-utalva-textil100x100-cm-1024x962.jpg 1024w, https://moikk.hu/wp-content/uploads/2023/01/Egymasra-utalva-textil100x100-cm-300x282.jpg 300w, https://moikk.hu/wp-content/uploads/2023/01/Egymasra-utalva-textil100x100-cm-768x722.jpg 768w, https://moikk.hu/wp-content/uploads/2023/01/Egymasra-utalva-textil100x100-cm-1536x1444.jpg 1536w, https://moikk.hu/wp-content/uploads/2023/01/Egymasra-utalva-textil100x100-cm-2048x1925.jpg 2048w, https://moikk.hu/wp-content/uploads/2023/01/Egymasra-utalva-textil100x100-cm-850x799.jpg 850w" sizes="auto, (max-width: 1024px) 100vw, 1024px" /><figcaption class="wp-element-caption"><strong>Egymásra utalva</strong></figcaption></figure>



<figure class="wp-block-image size-large is-style-default"><img loading="lazy" decoding="async" width="1024" height="768" src="https://moikk.hu/wp-content/uploads/2023/01/IMG_20230130_081929-1024x768.jpg" alt="" class="wp-image-2517" srcset="https://moikk.hu/wp-content/uploads/2023/01/IMG_20230130_081929-1024x768.jpg 1024w, https://moikk.hu/wp-content/uploads/2023/01/IMG_20230130_081929-300x225.jpg 300w, https://moikk.hu/wp-content/uploads/2023/01/IMG_20230130_081929-768x576.jpg 768w, https://moikk.hu/wp-content/uploads/2023/01/IMG_20230130_081929-1536x1152.jpg 1536w, https://moikk.hu/wp-content/uploads/2023/01/IMG_20230130_081929-2048x1536.jpg 2048w, https://moikk.hu/wp-content/uploads/2023/01/IMG_20230130_081929-850x638.jpg 850w" sizes="auto, (max-width: 1024px) 100vw, 1024px" /><figcaption class="wp-element-caption"><strong>Úszó lampionok</strong></figcaption></figure>



<figure class="wp-block-image size-full is-style-default"><img loading="lazy" decoding="async" width="721" height="939" src="https://moikk.hu/wp-content/uploads/2023/01/Motivumok-a-polcomrol-textil-45x59-cm.jpg" alt="" class="wp-image-2518" srcset="https://moikk.hu/wp-content/uploads/2023/01/Motivumok-a-polcomrol-textil-45x59-cm.jpg 721w, https://moikk.hu/wp-content/uploads/2023/01/Motivumok-a-polcomrol-textil-45x59-cm-230x300.jpg 230w, https://moikk.hu/wp-content/uploads/2023/01/Motivumok-a-polcomrol-textil-45x59-cm-300x391.jpg 300w" sizes="auto, (max-width: 721px) 100vw, 721px" /><figcaption class="wp-element-caption"><strong>Motívumok a polcomról</strong></figcaption></figure>



<p></p>

<p>Feltéve 2023 januárjában:</p>
