{"id":2297,"date":"2023-01-19T21:04:00","date_gmt":"2023-01-19T21:04:00","guid":{"rendered":"https:\/\/moikk.hu\/?page_id=2297"},"modified":"2023-01-19T21:08:16","modified_gmt":"2023-01-19T21:08:16","slug":"orvos-kepzomuveszek-kiallitasa-2022-vac","status":"publish","type":"page","link":"https:\/\/moikk.hu\/index.php\/orvos-kepzomuveszek-kiallitasa-2022-vac\/","title":{"rendered":"<a href=\"https:\/\/moikk.hu\/wp-content\/uploads\/2022\/08\/Orv-kepzm-kiall-22szept.jpg\">ORVOS K\u00c9PZ\u0150M\u0170V\u00c9SZEK KI\u00c1LL\u00cdT\u00c1SA 2022. V\u00c1C<\/a>"},"content":{"rendered":"\n<p class=\"has-large-font-size\">Megh\u00edv\u00f3<\/p>\n\n\n\n<figure class=\"wp-block-image size-large is-style-default\"><img loading=\"lazy\" decoding=\"async\" width=\"724\" height=\"1024\" src=\"https:\/\/moikk.hu\/wp-content\/uploads\/2023\/01\/Orv-kepzm-kiall-22szept-724x1024.jpg\" alt=\"\" class=\"wp-image-2298\" srcset=\"https:\/\/moikk.hu\/wp-content\/uploads\/2023\/01\/Orv-kepzm-kiall-22szept-724x1024.jpg 724w, https:\/\/moikk.hu\/wp-content\/uploads\/2023\/01\/Orv-kepzm-kiall-22szept-212x300.jpg 212w, https:\/\/moikk.hu\/wp-content\/uploads\/2023\/01\/Orv-kepzm-kiall-22szept-768x1086.jpg 768w, https:\/\/moikk.hu\/wp-content\/uploads\/2023\/01\/Orv-kepzm-kiall-22szept-1086x1536.jpg 1086w, https:\/\/moikk.hu\/wp-content\/uploads\/2023\/01\/Orv-kepzm-kiall-22szept-1449x2048.jpg 1449w, https:\/\/moikk.hu\/wp-content\/uploads\/2023\/01\/Orv-kepzm-kiall-22szept-300x424.jpg 300w, https:\/\/moikk.hu\/wp-content\/uploads\/2023\/01\/Orv-kepzm-kiall-22szept-850x1202.jpg 850w, https:\/\/moikk.hu\/wp-content\/uploads\/2023\/01\/Orv-kepzm-kiall-22szept-scaled.jpg 1811w\" sizes=\"auto, (max-width: 724px) 100vw, 724px\" \/><\/figure>\n\n\n\n<p><\/p>\n\n\n\n<p class=\"has-large-font-size\">Ismertet\u00e9s<\/p>\n\n\n\n<p><strong>ORVOS K\u00c9PZ\u0150M\u0170V\u00c9SZEK KI\u00c1LL\u00cdT\u00c1SA V\u00c1CON 2022. szeptember 09 &#8211; okt. 08-ig<\/strong><\/p>\n\n\n\n<p>A v\u00e1ci <em><strong>Mad\u00e1ch Imre M\u0171vel\u0151d\u00e9si K\u00f6zponttal <\/strong><\/em>2021-ben felvett kapcsolatunk tov\u00e1bb er\u0151s\u00f6d\u00f6tt \u00e9s b\u0151v\u00fclt. 2022-ben megtisztel\u0151 lehet\u0151s\u00e9get kaptunk; a MO\u00cdKK k\u00e9pz\u0151m\u0171v\u00e9szei egyh\u00f3napos t\u00e1rlatot rendezhettek m\u0171veikb\u0151l a MIMK-ben, amit a Kultur\u00e1lis K\u00f6zpont felvett az \u00e9ves programj\u00e1ba. <em><strong>2022.szept. 09-\u00e9n<\/strong><\/em> \u2013 \u00fcnnepi megnyit\u00f3val \u2013 indult a ki\u00e1ll\u00edt\u00e1s, amelyen <em><strong>18 orvos k\u00e9pz\u0151m\u0171v\u00e9sz mutatta be m\u0171veit<\/strong><\/em>. Festm\u00e9nyek, grafik\u00e1k, textilek, fot\u00f3k, kisplasztik\u00e1k sz\u00ednes \u00e9s sz\u00ednvonalas sokas\u00e1ga t\u00f6lt\u00f6tte be az \u00e9p\u00fclet \u201e<em>K\u00e1v\u00e9z\u00f3-Gal\u00e9ri\u00e1j\u00e1t<\/em>\u201d. A ki\u00e1ll\u00edt\u00e1s sikeres volt, jelent\u0151s sz\u00e1m\u00fa \u00e9rdekl\u0151d\u0151t vonzott.<\/p>\n\n\n\n<p>Ez volt a <em><strong>MO\u00cdKK els\u0151 nyilv\u00e1nos, k\u00f6z\u00f6ns\u00e9g el\u0151tt bemutatott t\u00e1rlata; fenn\u00e1ll\u00e1s\u00e1nak 47. \u00e9v\u00e9ben.<\/strong><\/em> Ezideig kiz\u00e1r\u00f3lag z\u00e1rt k\u00f6rben, egym\u00e1snak mutattuk meg alkot\u00e1sainkat a konferencia sor\u00e1n. H\u00e1l\u00e1sak vagyunk a MIMK-nek a t\u00e1mogat\u00e1s\u00e9rt \u00e9s a lehet\u0151s\u00e9g\u00e9rt. \u00d6r\u00f6m \u00e9s megtiszteltet\u00e9s, hogy az els\u0151 nagyszab\u00e1s\u00fa orvos-k\u00e9pz\u0151m\u0171v\u00e9sz ki\u00e1ll\u00edt\u00e1sunkra, ebben a nagy m\u00falt\u00fa v\u00e1rosban \u00e9s int\u00e9zm\u00e9nyben ker\u00fclhetett sor. Rem\u00e9nyked\u00fcnk a folytat\u00e1sban\u2026<\/p>\n\n\n\n<p>A ki\u00e1ll\u00edt\u00e1s sz\u00ednvonal\u00e1t jelent\u0151sen emelte \u2013 \u00e9s tov\u00e1bbi alkot\u00f3i mun\u00edci\u00f3t adott tagjainknak \u2013 <em><strong>N\u00e9meth \u00c1rp\u00e1d fest\u0151m\u0171v\u00e9sz<\/strong><\/em>, aki nemcsak megnyitotta a ki\u00e1ll\u00edt\u00e1st, hanem konzult\u00e1lt is alkot\u00f3inkkal, szakmai tan\u00e1csaival er\u0151s\u00edtve \u0151ket. Koordin\u00e1tork\u00e9nt seg\u00edtette a ki\u00e1ll\u00edt\u00e1st a MIMK m\u0171v\u00e9szeti vezet\u0151je: <em><strong>Koltai-Dietrich G\u00e1bor fest\u0151m\u0171v\u00e9sz.<\/strong><\/em><\/p>\n","protected":false},"excerpt":{"rendered":"<p>Megh\u00edv\u00f3 Ismertet\u00e9s ORVOS K\u00c9PZ\u0150M\u0170V\u00c9SZEK KI\u00c1LL\u00cdT\u00c1SA V\u00c1CON 2022. szeptember 09 &#8211; okt. 08-ig A v\u00e1ci Mad\u00e1ch Imre M\u0171vel\u0151d\u00e9si K\u00f6zponttal 2021-ben felvett kapcsolatunk tov\u00e1bb er\u0151s\u00f6d\u00f6tt \u00e9s b\u0151v\u00fclt. 2022-ben megtisztel\u0151 lehet\u0151s\u00e9get kaptunk; a MO\u00cdKK k\u00e9pz\u0151m\u0171v\u00e9szei&#8230;<\/p>\n","protected":false},"author":1,"featured_media":0,"parent":0,"menu_order":0,"comment_status":"closed","ping_status":"closed","template":"","meta":{"footnotes":""},"class_list":["post-2297","page","type-page","status-publish","hentry"],"_links":{"self":[{"href":"https:\/\/moikk.hu\/index.php\/wp-json\/wp\/v2\/pages\/2297","targetHints":{"allow":["GET"]}}],"collection":[{"href":"https:\/\/moikk.hu\/index.php\/wp-json\/wp\/v2\/pages"}],"about":[{"href":"https:\/\/moikk.hu\/index.php\/wp-json\/wp\/v2\/types\/page"}],"author":[{"embeddable":true,"href":"https:\/\/moikk.hu\/index.php\/wp-json\/wp\/v2\/users\/1"}],"replies":[{"embeddable":true,"href":"https:\/\/moikk.hu\/index.php\/wp-json\/wp\/v2\/comments?post=2297"}],"version-history":[{"count":2,"href":"https:\/\/moikk.hu\/index.php\/wp-json\/wp\/v2\/pages\/2297\/revisions"}],"predecessor-version":[{"id":2301,"href":"https:\/\/moikk.hu\/index.php\/wp-json\/wp\/v2\/pages\/2297\/revisions\/2301"}],"wp:attachment":[{"href":"https:\/\/moikk.hu\/index.php\/wp-json\/wp\/v2\/media?parent=2297"}],"curies":[{"name":"wp","href":"https:\/\/api.w.org\/{rel}","templated":true}]}}

<a href="https://moikk.hu/wp-content/uploads/2022/08/Orv-kepzm-kiall-22szept.jpg">ORVOS KÉPZŐMŰVÉSZEK KIÁLLÍTÁSA 2022. VÁC</a>

<p class="has-large-font-size">Meghívó</p>



<figure class="wp-block-image size-large is-style-default"><img loading="lazy" decoding="async" width="724" height="1024" src="https://moikk.hu/wp-content/uploads/2023/01/Orv-kepzm-kiall-22szept-724x1024.jpg" alt="" class="wp-image-2298" srcset="https://moikk.hu/wp-content/uploads/2023/01/Orv-kepzm-kiall-22szept-724x1024.jpg 724w, https://moikk.hu/wp-content/uploads/2023/01/Orv-kepzm-kiall-22szept-212x300.jpg 212w, https://moikk.hu/wp-content/uploads/2023/01/Orv-kepzm-kiall-22szept-768x1086.jpg 768w, https://moikk.hu/wp-content/uploads/2023/01/Orv-kepzm-kiall-22szept-1086x1536.jpg 1086w, https://moikk.hu/wp-content/uploads/2023/01/Orv-kepzm-kiall-22szept-1449x2048.jpg 1449w, https://moikk.hu/wp-content/uploads/2023/01/Orv-kepzm-kiall-22szept-300x424.jpg 300w, https://moikk.hu/wp-content/uploads/2023/01/Orv-kepzm-kiall-22szept-850x1202.jpg 850w, https://moikk.hu/wp-content/uploads/2023/01/Orv-kepzm-kiall-22szept-scaled.jpg 1811w" sizes="auto, (max-width: 724px) 100vw, 724px" /></figure>



<p></p>



<p class="has-large-font-size">Ismertetés</p>



<p><strong>ORVOS KÉPZŐMŰVÉSZEK KIÁLLÍTÁSA VÁCON 2022. szeptember 09 &#8211; okt. 08-ig</strong></p>



<p>A váci <em><strong>Madách Imre Művelődési Központtal </strong></em>2021-ben felvett kapcsolatunk tovább erősödött és bővült. 2022-ben megtisztelő lehetőséget kaptunk; a MOÍKK képzőművészei egyhónapos tárlatot rendezhettek műveikből a MIMK-ben, amit a Kulturális Központ felvett az éves programjába. <em><strong>2022.szept. 09-én</strong></em> – ünnepi megnyitóval – indult a kiállítás, amelyen <em><strong>18 orvos képzőművész mutatta be műveit</strong></em>. Festmények, grafikák, textilek, fotók, kisplasztikák színes és színvonalas sokasága töltötte be az épület „<em>Kávézó-Galériáját</em>”. A kiállítás sikeres volt, jelentős számú érdeklődőt vonzott.</p>



<p>Ez volt a <em><strong>MOÍKK első nyilvános, közönség előtt bemutatott tárlata; fennállásának 47. évében.</strong></em> Ezideig kizárólag zárt körben, egymásnak mutattuk meg alkotásainkat a konferencia során. Hálásak vagyunk a MIMK-nek a támogatásért és a lehetőségért. Öröm és megtiszteltetés, hogy az első nagyszabású orvos-képzőművész kiállításunkra, ebben a nagy múltú városban és intézményben kerülhetett sor. Reménykedünk a folytatásban…</p>



<p>A kiállítás színvonalát jelentősen emelte – és további alkotói muníciót adott tagjainknak – <em><strong>Németh Árpád festőművész</strong></em>, aki nemcsak megnyitotta a kiállítást, hanem konzultált is alkotóinkkal, szakmai tanácsaival erősítve őket. Koordinátorként segítette a kiállítást a MIMK művészeti vezetője: <em><strong>Koltai-Dietrich Gábor festőművész.</strong></em></p>

<p>Meghívó Ismertetés ORVOS KÉPZŐMŰVÉSZEK KIÁLLÍTÁSA VÁCON 2022. szeptember 09 &#8211; okt. 08-ig A váci Madách Imre Művelődési Központtal 2021-ben felvett kapcsolatunk tovább erősödött és bővült. 2022-ben megtisztelő lehetőséget kaptunk; a MOÍKK képzőművészei&#8230;</p>
