{"id":2194,"date":"2022-08-29T18:12:52","date_gmt":"2022-08-29T18:12:52","guid":{"rendered":"https:\/\/moikk.hu\/?page_id=2194"},"modified":"2022-08-29T18:52:55","modified_gmt":"2022-08-29T18:52:55","slug":"az-antologiak-tartalomjegyzeke","status":"publish","type":"page","link":"https:\/\/moikk.hu\/index.php\/az-antologiak-tartalomjegyzeke\/","title":{"rendered":"Az antol\u00f3gi\u00e1k tartalomjegyz\u00e9ke"},"content":{"rendered":"\n<p>(Az al\u00e1h\u00fazott c\u00edmre kattintva olvashat\u00f3 a tartalomjegyz\u00e9k)<\/p>\n\n\n\n<p>1. <strong><a href=\"https:\/\/moikk.hu\/wp-content\/uploads\/2021\/05\/Ant86Tc.pdf\">Medicina \u00e9s M\u0171v\u00e9szet<\/a><\/strong> &#8211; Kaposv\u00e1r: Togliatti M. Kvt., 1986, 84 p.<\/p>\n\n\n\n<p>2. A Magyar Orvos\u00edr\u00f3k \u00e9s K\u00e9pz\u0151m\u0171v\u00e9szek K\u00f6r\u00e9nek<a href=\"https:\/\/moikk.hu\/wp-content\/uploads\/2021\/05\/Ant95Tc.pdf\"> <strong>XX.<\/strong> <strong>Jubileumi<\/strong> <strong>Antol\u00f3gi\u00e1ja<\/strong><\/a>. Kaposv\u00e1r,1995, 159. o.<\/p>\n\n\n\n<p>3. <strong><a href=\"https:\/\/moikk.hu\/wp-content\/uploads\/2021\/05\/Ant97Tc.pdf\">V\u00edzparton<\/a><\/strong> : antol\u00f3gia &#8211; 1997<\/p>\n\n\n\n<p>          MOKK, XXII. tal\u00e1lkoz\u00f3ja [1997. szeptember 26 -28., Balatonsz\u00e1rsz\u00f3]<\/p>\n\n\n\n<p>4. <strong><a href=\"https:\/\/moikk.hu\/wp-content\/uploads\/2021\/05\/Ant98Tc.pdf\">Sziv\u00e1rv\u00e1ny<\/a><\/strong> : antol\u00f3gia \u2013 1998<\/p>\n\n\n\n<p>          MOKK, XXIII. tal\u00e1lkoz\u00f3ja [1998. szeptember 18-20., Balatonsz\u00e1rsz\u00f3]<\/p>\n\n\n\n<p>5. <strong><a href=\"https:\/\/moikk.hu\/wp-content\/uploads\/2021\/05\/Ant99Tc.pdf\">Sz\u00e1zszorsz\u00e9p<\/a><\/strong> : antol\u00f3gia \u2013 Bp. : Eurovia Kft., 2001, 158 p.<\/p>\n\n\n\n<p>          MOKK, XXIV. tal\u00e1lkoz\u00f3ja [1999. szeptember 10-12., Balatonsz\u00e1rsz\u00f3]<\/p>\n\n\n\n<p>6. <strong><a href=\"https:\/\/moikk.hu\/wp-content\/uploads\/2021\/05\/Ant2000Tc.pdf\">Recipe<\/a><\/strong> :Jubileumi Antol\u00f3gia \u2013 B\u00e9k\u00e9scsaba, M. T\u00e9ka Erkel S. K\u00f6nyvesh\u00e1z, 2001, 175 p.<\/p>\n\n\n\n<p>          MOKK, XXV. Kongresszus [2000. szeptember 15-17., Balatonlelle]<\/p>\n\n\n\n<p>7. <strong><a href=\"https:\/\/moikk.hu\/wp-content\/uploads\/2021\/05\/Ant01Tc.pdf\">Orvosl\u00e1s, m\u0171v\u00e9szet<\/a> <\/strong>: antol\u00f3gia \u2013 Balatonlelle, DZL K., 2002, 160 p.<\/p>\n\n\n\n<p>          MOKK, XXVI. Kongresszus [2001. szeptember 14-16., Balatonlelle]<\/p>\n\n\n\n<p>8. <strong><a href=\"https:\/\/moikk.hu\/wp-content\/uploads\/2021\/05\/Ant02Tc.pdf\">Megval\u00f3sult v\u00e1gyak<\/a><\/strong> : antol\u00f3gia -Balatonlelle, DZL K., 2003, 148 p.<\/p>\n\n\n\n<p>          MOKK, XXVII. tal\u00e1lkoz\u00f3ja [2002. szeptember 14-16., Balatonlelle]<\/p>\n\n\n\n<p>9. <strong><a href=\"https:\/\/moikk.hu\/wp-content\/uploads\/2021\/05\/Ant0304Tc.pdf\">Epikr\u00edzis<\/a><\/strong> : 2003-2004. \u00e9vi anyag &#8211; B\u00e9k\u00e9scsaba, M. T\u00e9ka Erkel S. K\u00f6nyvesh\u00e1z, 2005, 258 p.<\/p>\n\n\n\n<p>10. <strong><a href=\"https:\/\/moikk.hu\/wp-content\/uploads\/2021\/05\/Ant05Tc.pdf\">Inf\u00fazi\u00f3<\/a><\/strong> : 2005. \u00e9vi anyag &#8211; B\u00e9k\u00e9scsaba, M. T\u00e9ka Erkel S. K\u00f6nyvesh\u00e1z, 2006, 223 p.<\/p>\n\n\n\n<p>          MOKK, XXX. tal\u00e1lkoz\u00f3ja [2005. szeptember 9-11., Balatonlelle]<\/p>\n\n\n\n<p>11<em>. <\/em><strong><a href=\"https:\/\/moikk.hu\/wp-content\/uploads\/2021\/05\/Ant06Tc.pdf\">Eml\u00e9kez\u00e9s 1956-2006<\/a><\/strong> : Antol\u00f3gia \u2013 Vecs\u00e9s, 2007, 196 p.<\/p>\n\n\n\n<p>          MOKK, XXXI. tal\u00e1lkoz\u00f3ja [2006. szeptember 8-10., Balatonlelle]<\/p>\n\n\n\n<p>12. <strong><a href=\"https:\/\/moikk.hu\/wp-content\/uploads\/2021\/05\/Ant07Tc.pdf\">T\u00fck\u00f6rk\u00e9peink<\/a> : antol\u00f3gia &#8211; <\/strong>Balatonlelle, DZL K., 2008, 156 p.<\/p>\n\n\n\n<p>          MOKK, XXXII. tal\u00e1lkoz\u00f3ja [2007. szeptember 7-9., Balatonlelle]<\/p>\n\n\n\n<p>13. <strong><a href=\"https:\/\/moikk.hu\/wp-content\/uploads\/2021\/05\/Ant08Tc.pdf\">Hull\u00e1mt\u00f6r\u00e9sek<\/a><\/strong> : antol\u00f3gia \u2013 Budapest, Pytheas, 2009, 158 p.<\/p>\n\n\n\n<p>          MOKK, XXXIII. tal\u00e1lkoz\u00f3ja [2008. szeptember 5-7., Balatonlelle]<\/p>\n\n\n\n<p>14. <strong><a href=\"https:\/\/moikk.hu\/wp-content\/uploads\/2021\/05\/Ant09Tc.pdf\">Gy\u00fcm\u00f6lcseink<\/a><\/strong> : antol\u00f3gia \u2013 Budapest, Pytheas, 2009, 162 p.<\/p>\n\n\n\n<p>          MOKK, XXXIV. Kongresszus [2009. szeptember 4 \u2013 6., Balatonlelle]<\/p>\n\n\n\n<p>15. <strong><a href=\"https:\/\/moikk.hu\/wp-content\/uploads\/2021\/05\/Ant10Tc.pdf\">Tal\u00e1lkoz\u00e1s a Dun\u00e1n\u00e1l<\/a><\/strong>: antol\u00f3gia \u2013 Budapest, Pytheas, 2010, 165 p.<\/p>\n\n\n\n<p>          MOKK, XXXV. Kongresszus [2010. szeptember 3 \u2013 5., Duna\u00fajv\u00e1ros]<\/p>\n\n\n\n<p>16. <strong><a href=\"https:\/\/moikk.hu\/wp-content\/uploads\/2021\/05\/Ant11Tc.pdf\">Eml\u00e9keink \u00e9s alkot\u00e1saink<\/a> <\/strong>&#8211; Irodalom \u00e9s k\u00e9pz\u0151m\u0171v\u00e9szet \u2013 Vecs\u00e9s, 2011, 159 p.<\/p>\n\n\n\n<p>          MOKK, XXXVI. Kongresszus [2011. szeptember 2 &#8211; 4., Duna\u00fajv\u00e1ros]<\/p>\n\n\n\n<p> 17. <strong><a href=\"https:\/\/moikk.hu\/wp-content\/uploads\/2021\/05\/Ant12Tc.pdf\">Dunaparti bokr\u00e9ta<\/a><\/strong> &#8211; Irodalom \u00e9s k\u00e9pz\u0151m\u0171v\u00e9szet \u2013 Budapest, Pytheas, 2012, 160 p.<\/p>\n\n\n\n<p>          MOKK, XXXVII. Kongresszus [2012. aug. 31 \u2013 szept. 2., Duna\u00fajv\u00e1ros]<\/p>\n\n\n\n<p>18. <strong><a href=\"https:\/\/moikk.hu\/wp-content\/uploads\/2021\/05\/Ant13Tc.pdf\">Vir\u00e1gaink<\/a><\/strong> &#8211; Irodalom \u00e9s k\u00e9pz\u0151m\u0171v\u00e9szet \u2013 Budapest, Pytheas, 2013, 169 p.<\/p>\n\n\n\n<p>          MOKK, XXXVIII. Kongresszus [2013. aug. 31 \u2013 szept. 1., Duna\u00fajv\u00e1ros]<\/p>\n\n\n\n<p>19. <strong><a href=\"https:\/\/moikk.hu\/wp-content\/uploads\/2021\/05\/Ant14Tc.pdf\">Mozaikok<\/a><\/strong> : antol\u00f3gia \u2013 Budapest, Pytheas, 2015, 166 p.<\/p>\n\n\n\n<p>          MOKK, XXXIX. Kongresszus [2014. aug. 29 &#8211; aug. 31., Duna\u00fajv\u00e1ros]<\/p>\n\n\n\n<p>20. <strong><a href=\"https:\/\/moikk.hu\/wp-content\/uploads\/2021\/05\/Ant15Tc.pdf\">Eml\u00e9kez\u00e9s<\/a><\/strong> \u2013 40 \u00e9ves a MOKK \u2013 Budapest, Pytheas, 2015, 195 p.<\/p>\n\n\n\n<p>          MOKK, XL. Kongresszus [2015. augusztus 28 \u2013 30., Duna\u00fajv\u00e1ros]<\/p>\n\n\n\n<p>21. <strong><a href=\"https:\/\/moikk.hu\/wp-content\/uploads\/2021\/05\/Ant16Tc.pdf\">Irodalom \u00e9s m\u0171v\u00e9szet<\/a> <\/strong>: antol\u00f3gia \u2013 Budapest, Pytheas, 2016, 209 p.<\/p>\n\n\n\n<p>          MOKK, XLI. Kongresszus [2016. szeptember ?, Balatonfenyves]<\/p>\n\n\n\n<p>22. <strong><a href=\"https:\/\/moikk.hu\/wp-content\/uploads\/2021\/05\/Ant17Tc.pdf\">Alkot\u00e1saink<\/a><\/strong>: antol\u00f3gia \u2013 Budapest, Pytheas, 2017, 183 p.<\/p>\n\n\n\n<p>          MOKK XLII. Kongresszus [2017 szept. 29 \u2013 okt. 1., Balatonfenyves]<\/p>\n\n\n\n<p>23. <strong><a href=\"https:\/\/moikk.hu\/wp-content\/uploads\/2021\/05\/Ant18Tc.pdf\">Eml\u00e9keink<\/a><\/strong> : \u00edr\u00e1sban \u00e9s k\u00e9pekben \u2013 Budapest, Pytheas, 2018, 172 p.<\/p>\n\n\n\n<p>          MOKK, XLIII. Kongresszus [2018. szeptember 21 &#8211; 23., Balatonfenyves]<\/p>\n\n\n\n<p>24. <strong>I<a href=\"https:\/\/moikk.hu\/wp-content\/uploads\/2021\/05\/Ant19Tc.pdf\">rodalmi &#8211; k\u00e9pz\u0151m\u0171v\u00e9szeti antol\u00f3gia<\/a><\/strong> \u2013 Budapest, Pytheas, 2019, 166 p.<\/p>\n\n\n\n<p>          MOKK, XLIV. Kongresszus [2019. szeptember 6 \u2013 8., Balatonfenyves]<\/p>\n","protected":false},"excerpt":{"rendered":"<p>(Az al\u00e1h\u00fazott c\u00edmre kattintva olvashat\u00f3 a tartalomjegyz\u00e9k) 1. Medicina \u00e9s M\u0171v\u00e9szet &#8211; Kaposv\u00e1r: Togliatti M. Kvt., 1986, 84 p. 2. A Magyar Orvos\u00edr\u00f3k \u00e9s K\u00e9pz\u0151m\u0171v\u00e9szek K\u00f6r\u00e9nek XX. Jubileumi Antol\u00f3gi\u00e1ja. Kaposv\u00e1r,1995, 159. o&#8230;.<\/p>\n","protected":false},"author":1,"featured_media":0,"parent":0,"menu_order":0,"comment_status":"closed","ping_status":"closed","template":"","meta":{"footnotes":""},"class_list":["post-2194","page","type-page","status-publish","hentry"],"_links":{"self":[{"href":"https:\/\/moikk.hu\/index.php\/wp-json\/wp\/v2\/pages\/2194","targetHints":{"allow":["GET"]}}],"collection":[{"href":"https:\/\/moikk.hu\/index.php\/wp-json\/wp\/v2\/pages"}],"about":[{"href":"https:\/\/moikk.hu\/index.php\/wp-json\/wp\/v2\/types\/page"}],"author":[{"embeddable":true,"href":"https:\/\/moikk.hu\/index.php\/wp-json\/wp\/v2\/users\/1"}],"replies":[{"embeddable":true,"href":"https:\/\/moikk.hu\/index.php\/wp-json\/wp\/v2\/comments?post=2194"}],"version-history":[{"count":6,"href":"https:\/\/moikk.hu\/index.php\/wp-json\/wp\/v2\/pages\/2194\/revisions"}],"predecessor-version":[{"id":2204,"href":"https:\/\/moikk.hu\/index.php\/wp-json\/wp\/v2\/pages\/2194\/revisions\/2204"}],"wp:attachment":[{"href":"https:\/\/moikk.hu\/index.php\/wp-json\/wp\/v2\/media?parent=2194"}],"curies":[{"name":"wp","href":"https:\/\/api.w.org\/{rel}","templated":true}]}}