{"id":2177,"date":"2022-08-29T14:51:21","date_gmt":"2022-08-29T14:51:21","guid":{"rendered":"https:\/\/moikk.hu\/?page_id=2177"},"modified":"2022-08-29T15:01:38","modified_gmt":"2022-08-29T15:01:38","slug":"antologia-ismertetesek","status":"publish","type":"page","link":"https:\/\/moikk.hu\/index.php\/antologia-ismertetesek\/","title":{"rendered":"Antol\u00f3gia ismertet\u00e9sek"},"content":{"rendered":"\n<ul class=\"wp-block-list\" style=\"font-size:25px\"><li><strong><a href=\"https:\/\/moikk.hu\/index.php\/2020-antologia\/\">2020 &#8211; Antol\u00f3gia<\/a><\/strong><br><br><strong>V\u00edrusok \u00e9s \u00c9vfordul\u00f3k \u2013 Rosszkedv\u00fcnk \u00e9ve 2020. (45.)<\/strong><\/li><\/ul>\n\n\n\n<p><\/p>\n\n\n\n<ul class=\"wp-block-list\" style=\"font-size:25px\"><li><strong><a href=\"https:\/\/moikk.hu\/index.php\/2014-antologia\/\">2014 &#8211; Antol\u00f3gia<\/a><\/strong><br><br><strong>MOZAIKOK (XXXIX.)<\/strong><\/li><\/ul>\n\n\n\n<p><\/p>\n\n\n\n<ul class=\"wp-block-list\" style=\"font-size:25px\"><li><strong><a href=\"https:\/\/moikk.hu\/index.php\/2013-antologia\/\">2013 &#8211; Antol\u00f3gia<\/a><\/strong><br><br><strong>VIR\u00c1GAINK \u2013 Irodalom \u00e9s k\u00e9pz\u0151m\u0171v\u00e9szet. (XXXVIII.)<\/strong><\/li><\/ul>\n\n\n\n<p><\/p>\n\n\n\n<p><\/p>\n\n\n\n<ul class=\"wp-block-list\" style=\"font-size:25px\"><li><strong><a href=\"https:\/\/moikk.hu\/index.php\/2008-antologia\/\">2008 &#8211; Antol\u00f3gia<\/a><\/strong><br><strong><br>T\u00dcK\u00d6RK\u00c9PEINK (XXXI.)<\/strong><\/li><\/ul>\n\n\n\n<p><\/p>\n\n\n\n<p><\/p>\n","protected":false},"excerpt":{"rendered":"<p>2020 &#8211; Antol\u00f3gia V\u00edrusok \u00e9s \u00c9vfordul\u00f3k \u2013 Rosszkedv\u00fcnk \u00e9ve 2020. (45.) 2014 &#8211; Antol\u00f3gia MOZAIKOK (XXXIX.) 2013 &#8211; Antol\u00f3gia VIR\u00c1GAINK \u2013 Irodalom \u00e9s k\u00e9pz\u0151m\u0171v\u00e9szet. (XXXVIII.) 2008 &#8211; Antol\u00f3giaT\u00dcK\u00d6RK\u00c9PEINK (XXXI.)<\/p>\n","protected":false},"author":1,"featured_media":0,"parent":0,"menu_order":0,"comment_status":"closed","ping_status":"closed","template":"","meta":{"footnotes":""},"class_list":["post-2177","page","type-page","status-publish","hentry"],"_links":{"self":[{"href":"https:\/\/moikk.hu\/index.php\/wp-json\/wp\/v2\/pages\/2177","targetHints":{"allow":["GET"]}}],"collection":[{"href":"https:\/\/moikk.hu\/index.php\/wp-json\/wp\/v2\/pages"}],"about":[{"href":"https:\/\/moikk.hu\/index.php\/wp-json\/wp\/v2\/types\/page"}],"author":[{"embeddable":true,"href":"https:\/\/moikk.hu\/index.php\/wp-json\/wp\/v2\/users\/1"}],"replies":[{"embeddable":true,"href":"https:\/\/moikk.hu\/index.php\/wp-json\/wp\/v2\/comments?post=2177"}],"version-history":[{"count":5,"href":"https:\/\/moikk.hu\/index.php\/wp-json\/wp\/v2\/pages\/2177\/revisions"}],"predecessor-version":[{"id":2184,"href":"https:\/\/moikk.hu\/index.php\/wp-json\/wp\/v2\/pages\/2177\/revisions\/2184"}],"wp:attachment":[{"href":"https:\/\/moikk.hu\/index.php\/wp-json\/wp\/v2\/media?parent=2177"}],"curies":[{"name":"wp","href":"https:\/\/api.w.org\/{rel}","templated":true}]}}