{"id":17,"date":"2020-06-17T15:31:22","date_gmt":"2020-06-17T15:31:22","guid":{"rendered":"http:\/\/localhost\/moikk\/?page_id=15"},"modified":"2021-05-08T12:11:45","modified_gmt":"2021-05-08T12:11:45","slug":"hirek","status":"publish","type":"page","link":"https:\/\/moikk.hu\/index.php\/hirek\/","title":{"rendered":"T\u00e1rsas\u00e1gi h\u00edrek"},"content":{"rendered":"\n<p><\/p>\n\n\n\n<p class=\"has-text-align-center\"><strong>&#8211; <a href=\"https:\/\/moikk.hu\/wp-content\/uploads\/2021\/menu20\/hirek2020.pdf\" data-type=\"URL\" data-id=\"https:\/\/moikk.hu\/wp-content\/uploads\/2021\/menu20\/hirek2020.pdf\">2020. \u00e9vi t\u00e1rsas\u00e1gi h\u00edrek<\/a><\/strong><\/p>\n","protected":false},"excerpt":{"rendered":"<p>&#8211; 2020. \u00e9vi t\u00e1rsas\u00e1gi h\u00edrek<\/p>\n","protected":false},"author":2,"featured_media":0,"parent":0,"menu_order":0,"comment_status":"closed","ping_status":"closed","template":"","meta":{"footnotes":""},"class_list":["post-17","page","type-page","status-publish","hentry"],"_links":{"self":[{"href":"https:\/\/moikk.hu\/index.php\/wp-json\/wp\/v2\/pages\/17","targetHints":{"allow":["GET"]}}],"collection":[{"href":"https:\/\/moikk.hu\/index.php\/wp-json\/wp\/v2\/pages"}],"about":[{"href":"https:\/\/moikk.hu\/index.php\/wp-json\/wp\/v2\/types\/page"}],"author":[{"embeddable":true,"href":"https:\/\/moikk.hu\/index.php\/wp-json\/wp\/v2\/users\/2"}],"replies":[{"embeddable":true,"href":"https:\/\/moikk.hu\/index.php\/wp-json\/wp\/v2\/comments?post=17"}],"version-history":[{"count":4,"href":"https:\/\/moikk.hu\/index.php\/wp-json\/wp\/v2\/pages\/17\/revisions"}],"predecessor-version":[{"id":524,"href":"https:\/\/moikk.hu\/index.php\/wp-json\/wp\/v2\/pages\/17\/revisions\/524"}],"wp:attachment":[{"href":"https:\/\/moikk.hu\/index.php\/wp-json\/wp\/v2\/media?parent=17"}],"curies":[{"name":"wp","href":"https:\/\/api.w.org\/{rel}","templated":true}]}}