{"id":1400,"date":"2022-01-27T10:40:43","date_gmt":"2022-01-27T10:40:43","guid":{"rendered":"https:\/\/moikk.hu\/?page_id=1400"},"modified":"2023-01-29T20:25:23","modified_gmt":"2023-01-29T20:25:23","slug":"dr-por-ilona","status":"publish","type":"page","link":"https:\/\/moikk.hu\/index.php\/dr-por-ilona\/","title":{"rendered":"Dr. P\u00f3r Ilona"},"content":{"rendered":"\n<p style=\"font-size:26px\"><strong>Felt\u00e9ve 2023 janu\u00e1rj\u00e1ban:<\/strong><\/p>\n\n\n\n<figure class=\"wp-block-image size-large is-style-default\"><img loading=\"lazy\" decoding=\"async\" width=\"709\" height=\"1024\" src=\"https:\/\/moikk.hu\/wp-content\/uploads\/2023\/01\/Lel-kepmasa-ceruza-pasztel-20x30-cm-min-709x1024.jpg\" alt=\"\" class=\"wp-image-2433\" srcset=\"https:\/\/moikk.hu\/wp-content\/uploads\/2023\/01\/Lel-kepmasa-ceruza-pasztel-20x30-cm-min-709x1024.jpg 709w, https:\/\/moikk.hu\/wp-content\/uploads\/2023\/01\/Lel-kepmasa-ceruza-pasztel-20x30-cm-min-208x300.jpg 208w, https:\/\/moikk.hu\/wp-content\/uploads\/2023\/01\/Lel-kepmasa-ceruza-pasztel-20x30-cm-min-768x1109.jpg 768w, https:\/\/moikk.hu\/wp-content\/uploads\/2023\/01\/Lel-kepmasa-ceruza-pasztel-20x30-cm-min-1064x1536.jpg 1064w, https:\/\/moikk.hu\/wp-content\/uploads\/2023\/01\/Lel-kepmasa-ceruza-pasztel-20x30-cm-min-1418x2048.jpg 1418w, https:\/\/moikk.hu\/wp-content\/uploads\/2023\/01\/Lel-kepmasa-ceruza-pasztel-20x30-cm-min-300x433.jpg 300w, https:\/\/moikk.hu\/wp-content\/uploads\/2023\/01\/Lel-kepmasa-ceruza-pasztel-20x30-cm-min-850x1227.jpg 850w, https:\/\/moikk.hu\/wp-content\/uploads\/2023\/01\/Lel-kepmasa-ceruza-pasztel-20x30-cm-min.jpg 1498w\" sizes=\"auto, (max-width: 709px) 100vw, 709px\" \/><figcaption class=\"wp-element-caption\"><strong>L\u00e9l arck\u00e9p<\/strong>e<\/figcaption><\/figure>\n\n\n\n<figure class=\"wp-block-image size-large is-style-default\"><img loading=\"lazy\" decoding=\"async\" width=\"1024\" height=\"760\" src=\"https:\/\/moikk.hu\/wp-content\/uploads\/2023\/01\/Papagalycsor-viragok-selyemfestmeny-28x38-min-1024x760.jpg\" alt=\"\" class=\"wp-image-2434\" srcset=\"https:\/\/moikk.hu\/wp-content\/uploads\/2023\/01\/Papagalycsor-viragok-selyemfestmeny-28x38-min-1024x760.jpg 1024w, https:\/\/moikk.hu\/wp-content\/uploads\/2023\/01\/Papagalycsor-viragok-selyemfestmeny-28x38-min-300x223.jpg 300w, https:\/\/moikk.hu\/wp-content\/uploads\/2023\/01\/Papagalycsor-viragok-selyemfestmeny-28x38-min-768x570.jpg 768w, https:\/\/moikk.hu\/wp-content\/uploads\/2023\/01\/Papagalycsor-viragok-selyemfestmeny-28x38-min-850x631.jpg 850w, https:\/\/moikk.hu\/wp-content\/uploads\/2023\/01\/Papagalycsor-viragok-selyemfestmeny-28x38-min.jpg 1352w\" sizes=\"auto, (max-width: 1024px) 100vw, 1024px\" \/><figcaption class=\"wp-element-caption\"><strong>Papag\u00e1lycs\u0151r vir\u00e1gok<\/strong><\/figcaption><\/figure>\n\n\n\n<figure class=\"wp-block-image size-large is-style-default\"><img loading=\"lazy\" decoding=\"async\" width=\"776\" height=\"1024\" src=\"https:\/\/moikk.hu\/wp-content\/uploads\/2023\/01\/Pitypangok-akril-vaszon30x40-cm-min-776x1024.jpg\" alt=\"\" class=\"wp-image-2435\" srcset=\"https:\/\/moikk.hu\/wp-content\/uploads\/2023\/01\/Pitypangok-akril-vaszon30x40-cm-min-776x1024.jpg 776w, https:\/\/moikk.hu\/wp-content\/uploads\/2023\/01\/Pitypangok-akril-vaszon30x40-cm-min-227x300.jpg 227w, https:\/\/moikk.hu\/wp-content\/uploads\/2023\/01\/Pitypangok-akril-vaszon30x40-cm-min-768x1013.jpg 768w, https:\/\/moikk.hu\/wp-content\/uploads\/2023\/01\/Pitypangok-akril-vaszon30x40-cm-min-1164x1536.jpg 1164w, https:\/\/moikk.hu\/wp-content\/uploads\/2023\/01\/Pitypangok-akril-vaszon30x40-cm-min-300x396.jpg 300w, https:\/\/moikk.hu\/wp-content\/uploads\/2023\/01\/Pitypangok-akril-vaszon30x40-cm-min-850x1121.jpg 850w, https:\/\/moikk.hu\/wp-content\/uploads\/2023\/01\/Pitypangok-akril-vaszon30x40-cm-min.jpg 1431w\" sizes=\"auto, (max-width: 776px) 100vw, 776px\" \/><figcaption class=\"wp-element-caption\"><strong>Pitypangok<\/strong><\/figcaption><\/figure>\n\n\n\n<figure class=\"wp-block-image size-large is-style-default\"><img loading=\"lazy\" decoding=\"async\" width=\"1024\" height=\"751\" src=\"https:\/\/moikk.hu\/wp-content\/uploads\/2023\/01\/Tavi-naplemente-akril-vaszon-30x40-cm-min-1024x751.jpg\" alt=\"\" class=\"wp-image-2436\" srcset=\"https:\/\/moikk.hu\/wp-content\/uploads\/2023\/01\/Tavi-naplemente-akril-vaszon-30x40-cm-min-1024x751.jpg 1024w, https:\/\/moikk.hu\/wp-content\/uploads\/2023\/01\/Tavi-naplemente-akril-vaszon-30x40-cm-min-300x220.jpg 300w, https:\/\/moikk.hu\/wp-content\/uploads\/2023\/01\/Tavi-naplemente-akril-vaszon-30x40-cm-min-768x563.jpg 768w, https:\/\/moikk.hu\/wp-content\/uploads\/2023\/01\/Tavi-naplemente-akril-vaszon-30x40-cm-min-1536x1126.jpg 1536w, https:\/\/moikk.hu\/wp-content\/uploads\/2023\/01\/Tavi-naplemente-akril-vaszon-30x40-cm-min-850x623.jpg 850w, https:\/\/moikk.hu\/wp-content\/uploads\/2023\/01\/Tavi-naplemente-akril-vaszon-30x40-cm-min.jpg 1972w\" sizes=\"auto, (max-width: 1024px) 100vw, 1024px\" \/><figcaption class=\"wp-element-caption\"><strong>Tavi naplemente<\/strong><\/figcaption><\/figure>\n\n\n\n<p><\/p>\n\n\n\n<p style=\"font-size:26px\"><strong>Felt\u00e9ve 2022-ben:<\/strong><\/p>\n\n\n\n<figure class=\"wp-block-image size-large is-style-default\"><img loading=\"lazy\" decoding=\"async\" width=\"1024\" height=\"562\" src=\"https:\/\/moikk.hu\/wp-content\/uploads\/2022\/01\/Ablakdiszek-selyemfestmeny-1024x562.jpg\" alt=\"\" class=\"wp-image-1395\" srcset=\"https:\/\/moikk.hu\/wp-content\/uploads\/2022\/01\/Ablakdiszek-selyemfestmeny-1024x562.jpg 1024w, https:\/\/moikk.hu\/wp-content\/uploads\/2022\/01\/Ablakdiszek-selyemfestmeny-300x165.jpg 300w, https:\/\/moikk.hu\/wp-content\/uploads\/2022\/01\/Ablakdiszek-selyemfestmeny-768x421.jpg 768w, https:\/\/moikk.hu\/wp-content\/uploads\/2022\/01\/Ablakdiszek-selyemfestmeny-1536x843.jpg 1536w, https:\/\/moikk.hu\/wp-content\/uploads\/2022\/01\/Ablakdiszek-selyemfestmeny-2048x1124.jpg 2048w, https:\/\/moikk.hu\/wp-content\/uploads\/2022\/01\/Ablakdiszek-selyemfestmeny-850x466.jpg 850w\" sizes=\"auto, (max-width: 1024px) 100vw, 1024px\" \/><figcaption class=\"wp-element-caption\">Ablakd\u00edszek (selyemfestm\u00e9ny)<\/figcaption><\/figure>\n\n\n\n<figure class=\"wp-block-image size-large is-style-default\"><img loading=\"lazy\" decoding=\"async\" width=\"768\" height=\"1024\" src=\"https:\/\/moikk.hu\/wp-content\/uploads\/2022\/01\/Gyurt-selyemsalak-batikolt-technikaval-768x1024.jpg\" alt=\"\" class=\"wp-image-1396\" srcset=\"https:\/\/moikk.hu\/wp-content\/uploads\/2022\/01\/Gyurt-selyemsalak-batikolt-technikaval-768x1024.jpg 768w, https:\/\/moikk.hu\/wp-content\/uploads\/2022\/01\/Gyurt-selyemsalak-batikolt-technikaval-225x300.jpg 225w, https:\/\/moikk.hu\/wp-content\/uploads\/2022\/01\/Gyurt-selyemsalak-batikolt-technikaval-1152x1536.jpg 1152w, https:\/\/moikk.hu\/wp-content\/uploads\/2022\/01\/Gyurt-selyemsalak-batikolt-technikaval-1536x2048.jpg 1536w, https:\/\/moikk.hu\/wp-content\/uploads\/2022\/01\/Gyurt-selyemsalak-batikolt-technikaval-300x400.jpg 300w, https:\/\/moikk.hu\/wp-content\/uploads\/2022\/01\/Gyurt-selyemsalak-batikolt-technikaval-850x1133.jpg 850w, https:\/\/moikk.hu\/wp-content\/uploads\/2022\/01\/Gyurt-selyemsalak-batikolt-technikaval.jpg 1704w\" sizes=\"auto, (max-width: 768px) 100vw, 768px\" \/><figcaption class=\"wp-element-caption\">Gy\u0171rt selyems\u00e1lak (batikolt technik\u00e1val)<\/figcaption><\/figure>\n\n\n\n<figure class=\"wp-block-image size-large is-style-default\"><img loading=\"lazy\" decoding=\"async\" width=\"1024\" height=\"786\" src=\"https:\/\/moikk.hu\/wp-content\/uploads\/2022\/01\/Streliciak-selyemfestmeny-1024x786.jpg\" alt=\"\" class=\"wp-image-1397\" srcset=\"https:\/\/moikk.hu\/wp-content\/uploads\/2022\/01\/Streliciak-selyemfestmeny-1024x786.jpg 1024w, https:\/\/moikk.hu\/wp-content\/uploads\/2022\/01\/Streliciak-selyemfestmeny-300x230.jpg 300w, https:\/\/moikk.hu\/wp-content\/uploads\/2022\/01\/Streliciak-selyemfestmeny-768x589.jpg 768w, https:\/\/moikk.hu\/wp-content\/uploads\/2022\/01\/Streliciak-selyemfestmeny-1536x1179.jpg 1536w, https:\/\/moikk.hu\/wp-content\/uploads\/2022\/01\/Streliciak-selyemfestmeny-2048x1572.jpg 2048w, https:\/\/moikk.hu\/wp-content\/uploads\/2022\/01\/Streliciak-selyemfestmeny-850x652.jpg 850w\" sizes=\"auto, (max-width: 1024px) 100vw, 1024px\" \/><figcaption class=\"wp-element-caption\">Strel\u00edci\u00e1k (selyemfestm\u00e9ny)<\/figcaption><\/figure>\n","protected":false},"excerpt":{"rendered":"<p>Felt\u00e9ve 2023 janu\u00e1rj\u00e1ban: Felt\u00e9ve 2022-ben:<\/p>\n","protected":false},"author":1,"featured_media":0,"parent":0,"menu_order":0,"comment_status":"closed","ping_status":"closed","template":"","meta":{"footnotes":""},"class_list":["post-1400","page","type-page","status-publish","hentry"],"_links":{"self":[{"href":"https:\/\/moikk.hu\/index.php\/wp-json\/wp\/v2\/pages\/1400","targetHints":{"allow":["GET"]}}],"collection":[{"href":"https:\/\/moikk.hu\/index.php\/wp-json\/wp\/v2\/pages"}],"about":[{"href":"https:\/\/moikk.hu\/index.php\/wp-json\/wp\/v2\/types\/page"}],"author":[{"embeddable":true,"href":"https:\/\/moikk.hu\/index.php\/wp-json\/wp\/v2\/users\/1"}],"replies":[{"embeddable":true,"href":"https:\/\/moikk.hu\/index.php\/wp-json\/wp\/v2\/comments?post=1400"}],"version-history":[{"count":3,"href":"https:\/\/moikk.hu\/index.php\/wp-json\/wp\/v2\/pages\/1400\/revisions"}],"predecessor-version":[{"id":2438,"href":"https:\/\/moikk.hu\/index.php\/wp-json\/wp\/v2\/pages\/1400\/revisions\/2438"}],"wp:attachment":[{"href":"https:\/\/moikk.hu\/index.php\/wp-json\/wp\/v2\/media?parent=1400"}],"curies":[{"name":"wp","href":"https:\/\/api.w.org\/{rel}","templated":true}]}}